CRAN Package Check Results for Package posterdown

Last updated on 2024-06-13 12:49:54 CEST.

Flavor Version Tinstall Tcheck Ttotal Status Flags
r-devel-linux-x86_64-debian-clang 1.0 2.31 25.47 27.78 NOTE
r-devel-linux-x86_64-debian-gcc 1.0 1.74 19.90 21.64 NOTE
r-devel-linux-x86_64-fedora-clang 1.0 36.31 NOTE
r-devel-linux-x86_64-fedora-gcc 1.0 46.61 NOTE
r-devel-windows-x86_64 1.0 3.00 42.00 45.00 NOTE
r-patched-linux-x86_64 1.0 6.48 25.03 31.51 NOTE
r-release-linux-x86_64 1.0 2.06 25.12 27.18 NOTE
r-release-macos-arm64 1.0 22.00 NOTE
r-release-macos-x86_64 1.0 32.00 NOTE
r-release-windows-x86_64 1.0 4.00 44.00 48.00 NOTE
r-oldrel-macos-arm64 1.0 27.00 NOTE
r-oldrel-macos-x86_64 1.0 29.00 NOTE
r-oldrel-windows-x86_64 1.0 4.00 40.00 44.00 NOTE

Check Details

Version: 1.0
Check: LazyData
Result: NOTE 'LazyData' is specified without a 'data' directory Flavors: r-devel-linux-x86_64-debian-clang, r-devel-linux-x86_64-debian-gcc, r-devel-linux-x86_64-fedora-clang, r-devel-linux-x86_64-fedora-gcc, r-devel-windows-x86_64, r-patched-linux-x86_64, r-release-linux-x86_64, r-release-macos-arm64, r-release-macos-x86_64, r-release-windows-x86_64, r-oldrel-macos-arm64, r-oldrel-macos-x86_64, r-oldrel-windows-x86_64