Last updated on 2023-01-29 06:52:07 CET.
Flavor | Version | Tinstall | Tcheck | Ttotal | Status | Flags |
---|---|---|---|---|---|---|
r-devel-linux-x86_64-debian-clang | 0.2.4 | 2.17 | 35.21 | 37.38 | NOTE | |
r-devel-linux-x86_64-debian-gcc | 0.2.4 | 2.42 | 27.53 | 29.95 | NOTE | |
r-devel-linux-x86_64-fedora-clang | 0.2.4 | 48.40 | NOTE | |||
r-devel-linux-x86_64-fedora-gcc | 0.2.4 | 48.46 | NOTE | |||
r-devel-windows-x86_64 | 0.2.4 | 15.00 | 64.00 | 79.00 | NOTE | |
r-patched-linux-x86_64 | 0.2.4 | 2.40 | 35.43 | 37.83 | NOTE | |
r-release-linux-x86_64 | 0.2.4 | 2.42 | 35.17 | 37.59 | NOTE | |
r-release-macos-arm64 | 0.2.4 | 19.00 | NOTE | |||
r-release-macos-x86_64 | 0.2.4 | 27.00 | NOTE | |||
r-release-windows-x86_64 | 0.2.4 | 16.00 | 65.00 | 81.00 | NOTE | |
r-oldrel-macos-arm64 | 0.2.4 | 23.00 | NOTE | |||
r-oldrel-macos-x86_64 | 0.2.4 | 30.00 | NOTE | |||
r-oldrel-windows-ix86+x86_64 | 0.2.4 | 8.00 | 64.00 | 72.00 | NOTE |
Version: 0.2.4
Check: LazyData
Result: NOTE
'LazyData' is specified without a 'data' directory
Flavors: r-devel-linux-x86_64-debian-clang, r-devel-linux-x86_64-debian-gcc, r-devel-linux-x86_64-fedora-clang, r-devel-linux-x86_64-fedora-gcc, r-devel-windows-x86_64, r-patched-linux-x86_64, r-release-linux-x86_64, r-release-macos-arm64, r-release-macos-x86_64, r-release-windows-x86_64, r-oldrel-macos-arm64, r-oldrel-macos-x86_64, r-oldrel-windows-ix86+x86_64