CRAN Package Check Results for Package postGIStools

Last updated on 2021-06-20 07:50:18 CEST.

Flavor Version Tinstall Tcheck Ttotal Status Flags
r-devel-linux-x86_64-debian-clang 0.2.4 3.06 33.40 36.46 NOTE
r-devel-linux-x86_64-debian-gcc 0.2.4 2.62 26.25 28.87 NOTE
r-devel-linux-x86_64-fedora-clang 0.2.4 53.56 NOTE
r-devel-linux-x86_64-fedora-gcc 0.2.4 42.21 NOTE
r-devel-windows-x86_64 0.2.4 5.00 53.00 58.00 NOTE
r-devel-windows-x86_64-gcc10-UCRT 0.2.4 NOTE
r-patched-linux-x86_64 0.2.4 3.38 32.48 35.86 NOTE
r-patched-solaris-x86 0.2.4 73.60 NOTE
r-release-linux-x86_64 0.2.4 2.59 32.32 34.91 NOTE
r-release-macos-arm64 0.2.4 NOTE
r-release-macos-x86_64 0.2.4 NOTE
r-release-windows-ix86+x86_64 0.2.4 8.00 52.00 60.00 NOTE
r-oldrel-macos-x86_64 0.2.4 OK
r-oldrel-windows-ix86+x86_64 0.2.4 5.00 52.00 57.00 OK

Check Details

Version: 0.2.4
Check: LazyData
Result: NOTE
     'LazyData' is specified without a 'data' directory
Flavors: r-devel-linux-x86_64-debian-clang, r-devel-linux-x86_64-debian-gcc, r-devel-linux-x86_64-fedora-clang, r-devel-linux-x86_64-fedora-gcc, r-devel-windows-x86_64, r-devel-windows-x86_64-gcc10-UCRT, r-patched-linux-x86_64, r-patched-solaris-x86, r-release-linux-x86_64, r-release-macos-arm64, r-release-macos-x86_64, r-release-windows-ix86+x86_64