Last updated on 2023-03-31 12:54:20 CEST.
Flavor | Version | Tinstall | Tcheck | Ttotal | Status | Flags |
---|---|---|---|---|---|---|
r-devel-linux-x86_64-debian-clang | 1.0-0 | 4.27 | 430.86 | 435.13 | NOTE | |
r-devel-linux-x86_64-debian-gcc | 1.0-0 | 3.05 | 294.89 | 297.94 | NOTE | |
r-devel-linux-x86_64-fedora-clang | 1.0-0 | 458.28 | NOTE | |||
r-devel-linux-x86_64-fedora-gcc | 1.0-0 | 502.58 | NOTE | |||
r-devel-windows-x86_64 | 1.0-0 | 409.00 | 0.00 | 409.00 | NOTE | |
r-patched-linux-x86_64 | 1.0-0 | 6.24 | 417.50 | 423.74 | NOTE | |
r-release-linux-x86_64 | 1.0-0 | 6.02 | 832.07 | 838.09 | OK | |
r-release-macos-arm64 | 1.0-0 | 165.00 | OK | |||
r-release-macos-x86_64 | 1.0-0 | 236.00 | OK | |||
r-release-windows-x86_64 | 1.0-0 | 340.00 | 619.00 | 959.00 | OK | |
r-oldrel-macos-arm64 | 1.0-0 | 201.00 | OK | |||
r-oldrel-macos-x86_64 | 1.0-0 | 307.00 | OK | |||
r-oldrel-windows-ix86+x86_64 | 1.0-0 | 209.00 | 673.00 | 882.00 | OK |
Version: 1.0-0
Check: package subdirectories
Result: NOTE
Problems with news in ‘NEWS.md’:
No news entries found.
Flavors: r-devel-linux-x86_64-debian-clang, r-devel-linux-x86_64-debian-gcc, r-devel-linux-x86_64-fedora-clang, r-devel-linux-x86_64-fedora-gcc, r-devel-windows-x86_64, r-patched-linux-x86_64