CRAN Package Check Results for Package polypharmacy

Last updated on 2024-05-26 07:10:32 CEST.

Flavor Version Tinstall Tcheck Ttotal Status Flags
r-devel-linux-x86_64-debian-clang 1.0.0 4.09 47.75 51.84 NOTE
r-devel-linux-x86_64-debian-gcc 1.0.0 3.94 35.86 39.80 NOTE
r-devel-linux-x86_64-fedora-clang 1.0.0 69.67 NOTE
r-devel-linux-x86_64-fedora-gcc 1.0.0 60.84 NOTE
r-devel-windows-x86_64 1.0.0 5.00 58.00 63.00 NOTE
r-patched-linux-x86_64 1.0.0 5.84 45.81 51.65 NOTE
r-release-linux-x86_64 1.0.0 4.50 46.06 50.56 NOTE
r-release-macos-arm64 1.0.0 22.00 NOTE
r-release-windows-x86_64 1.0.0 6.00 58.00 64.00 NOTE
r-oldrel-macos-arm64 1.0.0 23.00 OK
r-oldrel-macos-x86_64 1.0.0 33.00 OK
r-oldrel-windows-x86_64 1.0.0 6.00 65.00 71.00 OK

Check Details

Version: 1.0.0
Check: Rd files
Result: NOTE checkRd: (-1) stat_quantile_prob.Rd:14: Lost braces; missing escapes or markup? 14 | Number {25, 50, 75} | ^ Flavors: r-devel-linux-x86_64-debian-clang, r-devel-linux-x86_64-debian-gcc, r-devel-linux-x86_64-fedora-clang, r-devel-linux-x86_64-fedora-gcc, r-devel-windows-x86_64, r-patched-linux-x86_64, r-release-linux-x86_64, r-release-macos-arm64, r-release-windows-x86_64