Last updated on 2023-02-03 18:51:33 CET.
Flavor | Version | Tinstall | Tcheck | Ttotal | Status | Flags |
---|---|---|---|---|---|---|
r-devel-linux-x86_64-debian-clang | 1.10-4 | 13.11 | 24.28 | 37.39 | NOTE | |
r-devel-linux-x86_64-debian-gcc | 1.10-4 | 9.21 | 19.20 | 28.41 | NOTE | |
r-devel-linux-x86_64-fedora-clang | 1.10-4 | 54.19 | NOTE | |||
r-devel-linux-x86_64-fedora-gcc | 1.10-4 | 52.05 | NOTE | |||
r-devel-windows-x86_64 | 1.10-4 | 68.00 | 71.00 | 139.00 | NOTE | |
r-patched-linux-x86_64 | 1.10-4 | 11.97 | 24.79 | 36.76 | OK | |
r-release-linux-x86_64 | 1.10-4 | 11.00 | 23.95 | 34.95 | OK | |
r-release-macos-arm64 | 1.10-4 | 24.00 | OK | |||
r-release-macos-x86_64 | 1.10-4 | 47.00 | OK | |||
r-release-windows-x86_64 | 1.10-4 | 22.00 | 71.00 | 93.00 | OK | |
r-oldrel-macos-arm64 | 1.10-4 | 28.00 | OK | |||
r-oldrel-macos-x86_64 | 1.10-4 | 48.00 | OK | |||
r-oldrel-windows-ix86+x86_64 | 1.10-4 | 29.00 | 60.00 | 89.00 | OK |
Version: 1.10-4
Check: C++ specification
Result: NOTE
Specified C++11: please update to current default of C++17
Flavors: r-devel-linux-x86_64-debian-clang, r-devel-linux-x86_64-debian-gcc, r-devel-linux-x86_64-fedora-clang, r-devel-linux-x86_64-fedora-gcc, r-devel-windows-x86_64