CRAN Package Check Results for Package pointblank

Last updated on 2021-08-05 07:49:42 CEST.

Flavor Version Tinstall Tcheck Ttotal Status Flags
r-devel-linux-x86_64-debian-clang 0.8.0 21.65 223.69 245.34 OK
r-devel-linux-x86_64-debian-gcc 0.8.0 18.68 162.81 181.49 OK
r-devel-linux-x86_64-fedora-clang 0.8.0 288.40 NOTE
r-devel-linux-x86_64-fedora-gcc 0.8.0 289.02 NOTE
r-devel-windows-x86_64 0.8.0 34.00 258.00 292.00 OK
r-devel-windows-x86_64-gcc10-UCRT 0.8.0 ERROR
r-patched-linux-x86_64 0.8.0 28.04 207.67 235.71 OK
r-patched-solaris-x86 0.8.0 331.50 NOTE
r-release-linux-x86_64 0.8.0 19.68 207.33 227.01 OK
r-release-macos-arm64 0.8.0 NOTE
r-release-macos-x86_64 0.8.0 NOTE
r-release-windows-ix86+x86_64 0.8.0 41.00 254.00 295.00 OK
r-oldrel-macos-x86_64 0.8.0 NOTE
r-oldrel-windows-ix86+x86_64 0.8.0 54.00 267.00 321.00 OK

Check Details

Version: 0.8.0
Check: data for non-ASCII characters
Result: NOTE
     Note: found 1 marked UTF-8 string
Flavors: r-devel-linux-x86_64-fedora-clang, r-devel-linux-x86_64-fedora-gcc, r-patched-solaris-x86, r-release-macos-arm64, r-release-macos-x86_64, r-oldrel-macos-x86_64

Version: 0.8.0
Check: package dependencies
Result: ERROR
    Packages required but not available:
     'blastula', 'cli', 'dplyr', 'dbplyr', 'gt', 'testthat', 'tibble',
     'tidyr'
    
    Packages suggested but not available for checking:
     'ggforce', 'ggplot2', 'readr', 'sparklyr', 'dittodb'
    
    See section 'The DESCRIPTION file' in the 'Writing R Extensions'
    manual.
Flavor: r-devel-windows-x86_64-gcc10-UCRT

Version: 0.8.0
Check: installed package size
Result: NOTE
     installed size is 5.8Mb
     sub-directories of 1Mb or more:
     R 1.3Mb
     help 3.0Mb
Flavor: r-patched-solaris-x86