CRAN Package Check Results for Package podr

Last updated on 2021-06-24 01:50:30 CEST.

Flavor Version Tinstall Tcheck Ttotal Status Flags
r-devel-linux-x86_64-debian-clang 0.0.5 5.41 56.90 62.31 NOTE
r-devel-linux-x86_64-debian-gcc 0.0.5 4.58 42.38 46.96 NOTE
r-devel-linux-x86_64-fedora-clang 0.0.5 83.47 NOTE
r-devel-linux-x86_64-fedora-gcc 0.0.5 69.77 NOTE
r-devel-windows-x86_64 0.0.5 9.00 70.00 79.00 NOTE
r-devel-windows-x86_64-gcc10-UCRT 0.0.5 NOTE
r-patched-linux-x86_64 0.0.5 6.50 52.59 59.09 NOTE
r-patched-solaris-x86 0.0.5 104.80 WARN
r-release-linux-x86_64 0.0.5 5.94 52.21 58.15 NOTE
r-release-macos-arm64 0.0.5 WARN
r-release-macos-x86_64 0.0.5 NOTE
r-release-windows-ix86+x86_64 0.0.5 12.00 63.00 75.00 NOTE
r-oldrel-macos-x86_64 0.0.5 WARN

Check Details

Version: 0.0.5
Check: LazyData
Result: NOTE
     'LazyData' is specified without a 'data' directory
Flavors: r-devel-linux-x86_64-debian-clang, r-devel-linux-x86_64-debian-gcc, r-devel-linux-x86_64-fedora-clang, r-devel-linux-x86_64-fedora-gcc, r-devel-windows-x86_64, r-devel-windows-x86_64-gcc10-UCRT, r-patched-linux-x86_64, r-patched-solaris-x86, r-release-linux-x86_64, r-release-macos-arm64, r-release-macos-x86_64, r-release-windows-ix86+x86_64

Version: 0.0.5
Check: dependencies in R code
Result: NOTE
    Namespace in Imports field not imported from: ‘plogr’
     All declared Imports should be used.
Flavors: r-devel-linux-x86_64-fedora-clang, r-devel-linux-x86_64-fedora-gcc, r-devel-windows-x86_64-gcc10-UCRT, r-patched-solaris-x86, r-release-macos-arm64, r-release-macos-x86_64, r-oldrel-macos-x86_64

Version: 0.0.5
Check: package dependencies
Result: NOTE
    Packages suggested but not available for checking:
     'kableExtra', 'tidyverse'
Flavor: r-devel-windows-x86_64-gcc10-UCRT

Version: 0.0.5
Check: re-building of vignette outputs
Result: WARN
    Error(s) in re-building vignettes:
     ...
    --- re-building ‘about-podr.Rmd’ using rmarkdown
    Warning in engine$weave(file, quiet = quiet, encoding = enc) :
     Pandoc (>= 1.12.3) not available. Falling back to R Markdown v1.
    Quitting from lines 42-64 (about-podr.Rmd)
    Error: processing vignette 'about-podr.Rmd' failed with diagnostics:
    invalid 'path' argument
    --- failed re-building ‘about-podr.Rmd’
    
    SUMMARY: processing the following file failed:
     ‘about-podr.Rmd’
    
    Error: Vignette re-building failed.
    Execution halted
Flavors: r-patched-solaris-x86, r-release-macos-arm64

Version: 0.0.5
Check: re-building of vignette outputs
Result: WARN
    Error(s) in re-building vignettes:
     ...
    --- re-building ‘about-podr.Rmd’ using rmarkdown
    Warning in engine$weave(file, quiet = quiet, encoding = enc) :
     Pandoc (>= 1.12.3) and/or pandoc-citeproc not available. Falling back to R Markdown v1.
    Quitting from lines 42-64 (about-podr.Rmd)
    Error: processing vignette 'about-podr.Rmd' failed with diagnostics:
    cannot open the connection
    --- failed re-building ‘about-podr.Rmd’
    
    SUMMARY: processing the following file failed:
     ‘about-podr.Rmd’
    
    Error: Vignette re-building failed.
    Execution halted
Flavor: r-oldrel-macos-x86_64