CRAN Package Check Results for Package poLCA

Last updated on 2022-11-30 06:53:36 CET.

Flavor Version Tinstall Tcheck Ttotal Status Flags
r-devel-linux-x86_64-debian-clang 1.6.0.1 4.37 54.83 59.20 NOTE
r-devel-linux-x86_64-debian-gcc 1.6.0.1 3.34 40.21 43.55 NOTE
r-devel-linux-x86_64-fedora-clang 1.6.0.1 81.31 NOTE
r-devel-linux-x86_64-fedora-gcc 1.6.0.1 77.61 NOTE
r-devel-windows-x86_64 1.6.0.1 21.00 84.00 105.00 NOTE
r-patched-linux-x86_64 1.6.0.1 4.94 49.10 54.04 OK
r-release-linux-x86_64 1.6.0.1 3.67 49.58 53.25 OK
r-release-macos-arm64 1.6.0.1 26.00 OK
r-release-macos-x86_64 1.6.0.1 38.00 OK
r-release-windows-x86_64 1.6.0.1 23.00 85.00 108.00 OK
r-oldrel-macos-arm64 1.6.0.1 27.00 OK
r-oldrel-macos-x86_64 1.6.0.1 37.00 OK
r-oldrel-windows-ix86+x86_64 1.6.0.1 10.00 102.00 112.00 OK

Check Details

Version: 1.6.0.1
Check: Rd files
Result: NOTE
    checkRd: (-1) carcinoma.Rd:8: Escaped LaTeX specials: \&
    checkRd: (-1) poLCA.Rd:63: Escaped LaTeX specials: \&
    checkRd: (-1) poLCA.Rd:69: Escaped LaTeX specials: \&
Flavors: r-devel-linux-x86_64-debian-clang, r-devel-linux-x86_64-debian-gcc, r-devel-linux-x86_64-fedora-clang, r-devel-linux-x86_64-fedora-gcc, r-devel-windows-x86_64

Version: 1.6.0.1
Check: Rd cross-references
Result: NOTE
    Undeclared package ‘flexmix’ in Rd xrefs
Flavor: r-devel-linux-x86_64-fedora-clang