Last updated on 2025-01-18 12:56:15 CET.
Flavor | Version | Tinstall | Tcheck | Ttotal | Status | Flags |
---|---|---|---|---|---|---|
r-devel-linux-x86_64-debian-clang | 1.0.0 | 1.89 | 55.46 | 57.35 | OK | |
r-devel-linux-x86_64-debian-gcc | 1.0.0 | 1.45 | 36.43 | 37.88 | OK | |
r-devel-linux-x86_64-fedora-clang | 1.0.0 | 96.40 | OK | |||
r-devel-linux-x86_64-fedora-gcc | 1.0.0 | 105.90 | OK | |||
r-devel-windows-x86_64 | 1.0.0 | 4.00 | 88.00 | 92.00 | OK | |
r-patched-linux-x86_64 | 1.0.0 | 1.76 | 53.21 | 54.97 | NOTE | |
r-release-linux-x86_64 | 1.0.0 | 1.82 | 53.74 | 55.56 | NOTE | |
r-release-macos-arm64 | 1.0.0 | 45.00 | NOTE | |||
r-release-macos-x86_64 | 1.0.0 | 52.00 | NOTE | |||
r-release-windows-x86_64 | 1.0.0 | 4.00 | 86.00 | 90.00 | NOTE | |
r-oldrel-macos-arm64 | 1.0.0 | 33.00 | NOTE | |||
r-oldrel-macos-x86_64 | 1.0.0 | 60.00 | NOTE | |||
r-oldrel-windows-x86_64 | 1.0.0 | 3.00 | 95.00 | 98.00 | NOTE |
Version: 1.0.0
Check: LazyData
Result: NOTE
'LazyData' is specified without a 'data' directory
Flavors: r-patched-linux-x86_64, r-release-linux-x86_64, r-release-macos-arm64, r-release-macos-x86_64, r-release-windows-x86_64, r-oldrel-macos-arm64, r-oldrel-macos-x86_64, r-oldrel-windows-x86_64