CRAN Package Check Results for Package plsr

Last updated on 2021-06-15 01:50:33 CEST.

Flavor Version Tinstall Tcheck Ttotal Status Flags
r-devel-linux-x86_64-debian-clang 0.0.1 3.60 37.55 41.15 NOTE
r-devel-linux-x86_64-debian-gcc 0.0.1 2.79 28.64 31.43 NOTE
r-devel-linux-x86_64-fedora-clang 0.0.1 59.08 OK
r-devel-linux-x86_64-fedora-gcc 0.0.1 48.26 OK
r-devel-windows-x86_64 0.0.1 6.00 58.00 64.00 NOTE
r-devel-windows-x86_64-gcc10-UCRT 0.0.1 OK
r-patched-linux-x86_64 0.0.1 3.43 36.58 40.01 NOTE
r-patched-solaris-x86 0.0.1 74.60 OK
r-release-linux-x86_64 0.0.1 3.38 36.24 39.62 NOTE
r-release-macos-arm64 0.0.1 OK
r-release-macos-x86_64 0.0.1 OK
r-release-windows-ix86+x86_64 0.0.1 8.00 54.00 62.00 NOTE
r-oldrel-macos-x86_64 0.0.1 OK
r-oldrel-windows-ix86+x86_64 0.0.1 16.00 56.00 72.00 NOTE

Check Details

Version: 0.0.1
Check: package vignettes
Result: NOTE
    Package vignette with placeholder title 'Vignette Title':
     'introduction.Rmd'
Flavors: r-devel-linux-x86_64-debian-clang, r-devel-linux-x86_64-debian-gcc, r-devel-windows-x86_64, r-patched-linux-x86_64, r-release-linux-x86_64, r-release-windows-ix86+x86_64, r-oldrel-windows-ix86+x86_64