CRAN Package Check Results for Package plsVarSel

Last updated on 2023-05-29 20:57:09 CEST.

Flavor Version Tinstall Tcheck Ttotal Status Flags
r-devel-linux-x86_64-debian-clang 0.9.10 11.41 80.23 91.64 OK
r-devel-linux-x86_64-debian-gcc 0.9.10 8.51 62.48 70.99 OK
r-devel-linux-x86_64-fedora-clang 0.9.10 113.59 OK
r-devel-linux-x86_64-fedora-gcc 0.9.10 107.95 OK
r-devel-windows-x86_64 0.9.10 11.00 80.00 91.00 OK
r-patched-linux-x86_64 0.9.10 9.75 79.34 89.09 OK
r-release-linux-x86_64 0.9.10 9.76 78.81 88.57 OK
r-release-macos-arm64 0.9.10 34.00 NOTE
r-release-macos-x86_64 0.9.10 51.00 NOTE
r-release-windows-x86_64 0.9.10 12.00 88.00 100.00 OK
r-oldrel-macos-arm64 0.9.10 32.00 NOTE
r-oldrel-macos-x86_64 0.9.10 44.00 NOTE
r-oldrel-windows-x86_64 0.9.10 14.00 93.00 107.00 OK

Check Details

Version: 0.9.10
Check: package dependencies
Result: NOTE
    Package suggested but not available for checking: ‘Rmpi’
Flavors: r-release-macos-arm64, r-release-macos-x86_64, r-oldrel-macos-arm64, r-oldrel-macos-x86_64