CRAN Package Check Results for Package plotdap

Last updated on 2021-06-21 01:49:28 CEST.

Flavor Version Tinstall Tcheck Ttotal Status Flags
r-devel-linux-x86_64-debian-clang 0.0.9 15.50 147.40 162.90 OK
r-devel-linux-x86_64-debian-gcc 0.0.9 13.64 109.33 122.97 OK
r-devel-linux-x86_64-fedora-clang 0.0.9 203.84 OK
r-devel-linux-x86_64-fedora-gcc 0.0.9 187.50 OK
r-devel-windows-x86_64 0.0.9 23.00 151.00 174.00 OK --no-vignettes
r-devel-windows-x86_64-gcc10-UCRT 0.0.9 ERROR
r-patched-linux-x86_64 0.0.9 18.51 138.32 156.83 OK
r-patched-solaris-x86 0.0.9 304.50 OK
r-release-linux-x86_64 0.0.9 11.91 138.73 150.64 OK
r-release-macos-arm64 0.0.9 OK
r-release-macos-x86_64 0.0.9 OK
r-release-windows-ix86+x86_64 0.0.9 34.00 113.00 147.00 OK --no-vignettes
r-oldrel-macos-x86_64 0.0.9 OK

Check Details

Version: 0.0.9
Check: package dependencies
Result: ERROR
    Package required but not available: 'rerddap'
    
    See section 'The DESCRIPTION file' in the 'Writing R Extensions'
    manual.
Flavor: r-devel-windows-x86_64-gcc10-UCRT