CRAN Package Check Results for Package plotSEMM

Last updated on 2021-06-21 19:48:58 CEST.

Flavor Version Tinstall Tcheck Ttotal Status Flags
r-devel-linux-x86_64-debian-clang 2.4 18.39 78.55 96.94 NOTE
r-devel-linux-x86_64-debian-gcc 2.4 11.96 58.68 70.64 NOTE
r-devel-linux-x86_64-fedora-clang 2.4 124.18 NOTE
r-devel-linux-x86_64-fedora-gcc 2.4 111.09 NOTE
r-devel-windows-x86_64 2.4 26.00 93.00 119.00 NOTE
r-devel-windows-x86_64-gcc10-UCRT 2.4 ERROR
r-patched-linux-x86_64 2.4 15.07 72.95 88.02 NOTE
r-patched-solaris-x86 2.4 156.00 NOTE
r-release-linux-x86_64 2.4 15.59 72.62 88.21 NOTE
r-release-macos-arm64 2.4 NOTE
r-release-macos-x86_64 2.4 NOTE
r-release-windows-ix86+x86_64 2.4 44.00 136.00 180.00 NOTE
r-oldrel-macos-x86_64 2.4 OK

Check Details

Version: 2.4
Check: LazyData
Result: NOTE
     'LazyData' is specified without a 'data' directory
Flavors: r-devel-linux-x86_64-debian-clang, r-devel-linux-x86_64-debian-gcc, r-devel-linux-x86_64-fedora-clang, r-devel-linux-x86_64-fedora-gcc, r-devel-windows-x86_64, r-patched-linux-x86_64, r-patched-solaris-x86, r-release-linux-x86_64, r-release-macos-arm64, r-release-macos-x86_64, r-release-windows-ix86+x86_64

Version: 2.4
Check: package dependencies
Result: ERROR
    Package required but not available: 'MplusAutomation'
    
    See section 'The DESCRIPTION file' in the 'Writing R Extensions'
    manual.
Flavor: r-devel-windows-x86_64-gcc10-UCRT