CRAN Package Check Results for Package plotSEMM

Last updated on 2022-09-28 06:54:14 CEST.

Flavor Version Tinstall Tcheck Ttotal Status Flags
r-devel-linux-x86_64-debian-clang 2.4 19.90 92.05 111.95 NOTE
r-devel-linux-x86_64-debian-gcc 2.4 15.09 68.34 83.43 NOTE
r-devel-linux-x86_64-fedora-clang 2.4 151.42 NOTE
r-devel-linux-x86_64-fedora-gcc 2.4 140.61 NOTE
r-devel-windows-x86_64 2.4 44.00 130.00 174.00 NOTE
r-patched-linux-x86_64 2.4 16.17 84.89 101.06 NOTE
r-release-linux-x86_64 2.4 17.30 82.73 100.03 NOTE
r-release-macos-arm64 2.4 39.00 NOTE
r-release-macos-x86_64 2.4 69.00 NOTE
r-release-windows-x86_64 2.4 43.00 136.00 179.00 NOTE
r-oldrel-macos-arm64 2.4 48.00 NOTE
r-oldrel-macos-x86_64 2.4 75.00 NOTE
r-oldrel-windows-ix86+x86_64 2.4 51.00 146.00 197.00 NOTE

Check Details

Version: 2.4
Check: LazyData
Result: NOTE
     'LazyData' is specified without a 'data' directory
Flavors: r-devel-linux-x86_64-debian-clang, r-devel-linux-x86_64-debian-gcc, r-devel-linux-x86_64-fedora-clang, r-devel-linux-x86_64-fedora-gcc, r-devel-windows-x86_64, r-patched-linux-x86_64, r-release-linux-x86_64, r-release-macos-arm64, r-release-macos-x86_64, r-release-windows-x86_64, r-oldrel-macos-arm64, r-oldrel-macos-x86_64, r-oldrel-windows-ix86+x86_64