CRAN Package Check Results for Package plogr

Last updated on 2024-02-22 06:51:49 CET.

Flavor Version Tinstall Tcheck Ttotal Status Flags
r-devel-linux-x86_64-debian-clang 0.2.0 NOTE
r-devel-linux-x86_64-debian-gcc 0.2.0 1.21 23.99 25.20 NOTE
r-devel-linux-x86_64-fedora-clang 0.2.0 43.26 NOTE
r-devel-linux-x86_64-fedora-gcc 0.2.0 40.21 NOTE
r-devel-windows-x86_64 0.2.0 2.00 51.00 53.00 NOTE
r-patched-linux-x86_64 0.2.0 1.62 31.11 32.73 NOTE
r-release-linux-x86_64 0.2.0 1.73 30.72 32.45 NOTE
r-release-macos-arm64 0.2.0 21.00 NOTE
r-release-macos-x86_64 0.2.0 25.00 NOTE
r-release-windows-x86_64 0.2.0 4.00 53.00 57.00 NOTE
r-oldrel-macos-arm64 0.2.0 19.00 NOTE
r-oldrel-windows-x86_64 0.2.0 3.00 56.00 59.00 NOTE

Check Details

Version: 0.2.0
Check: LazyData
Result: NOTE 'LazyData' is specified without a 'data' directory Flavors: r-devel-linux-x86_64-debian-clang, r-devel-linux-x86_64-debian-gcc, r-devel-linux-x86_64-fedora-clang, r-devel-linux-x86_64-fedora-gcc, r-devel-windows-x86_64, r-patched-linux-x86_64, r-release-linux-x86_64, r-release-macos-arm64, r-release-macos-x86_64, r-release-windows-x86_64, r-oldrel-macos-arm64, r-oldrel-windows-x86_64