CRAN Package Check Results for Package pkgsearch

Last updated on 2021-06-18 22:54:37 CEST.

Flavor Version Tinstall Tcheck Ttotal Status Flags
r-devel-linux-x86_64-debian-clang 3.0.3 4.48 34.08 38.56 NOTE
r-devel-linux-x86_64-debian-gcc 3.0.3 3.83 26.55 30.38 NOTE
r-devel-linux-x86_64-fedora-clang 3.0.3 54.86 NOTE
r-devel-linux-x86_64-fedora-gcc 3.0.3 44.43 NOTE
r-devel-windows-x86_64 3.0.3 7.00 55.00 62.00 NOTE
r-devel-windows-x86_64-gcc10-UCRT 3.0.3 NOTE
r-patched-linux-x86_64 3.0.3 4.87 32.54 37.41 NOTE
r-patched-solaris-x86 3.0.3 65.30 NOTE
r-release-linux-x86_64 3.0.3 3.49 32.82 36.31 NOTE
r-release-macos-arm64 3.0.3 NOTE
r-release-macos-x86_64 3.0.3 NOTE
r-release-windows-ix86+x86_64 3.0.3 6.00 53.00 59.00 NOTE
r-oldrel-macos-x86_64 3.0.3 OK
r-oldrel-windows-ix86+x86_64 3.0.3 6.00 54.00 60.00 OK

Check Details

Version: 3.0.3
Check: LazyData
Result: NOTE
     'LazyData' is specified without a 'data' directory
Flavors: r-devel-linux-x86_64-debian-clang, r-devel-linux-x86_64-debian-gcc, r-devel-linux-x86_64-fedora-clang, r-devel-linux-x86_64-fedora-gcc, r-devel-windows-x86_64, r-devel-windows-x86_64-gcc10-UCRT, r-patched-linux-x86_64, r-patched-solaris-x86, r-release-linux-x86_64, r-release-macos-arm64, r-release-macos-x86_64, r-release-windows-ix86+x86_64