CRAN Package Check Results for Package pixels

Last updated on 2021-06-15 01:50:33 CEST.

Flavor Version Tinstall Tcheck Ttotal Status Flags
r-devel-linux-x86_64-debian-clang 0.1.1 3.22 34.17 37.39 NOTE
r-devel-linux-x86_64-debian-gcc 0.1.1 2.74 27.31 30.05 NOTE
r-devel-linux-x86_64-fedora-clang 0.1.1 53.42 NOTE
r-devel-linux-x86_64-fedora-gcc 0.1.1 43.46 NOTE
r-devel-windows-x86_64 0.1.1 6.00 55.00 61.00 NOTE
r-devel-windows-x86_64-gcc10-UCRT 0.1.1 NOTE
r-patched-linux-x86_64 0.1.1 2.79 33.57 36.36 NOTE
r-patched-solaris-x86 0.1.1 68.10 NOTE
r-release-linux-x86_64 0.1.1 3.11 33.31 36.42 NOTE
r-release-macos-arm64 0.1.1 NOTE
r-release-macos-x86_64 0.1.1 NOTE
r-release-windows-ix86+x86_64 0.1.1 9.00 53.00 62.00 NOTE
r-oldrel-macos-x86_64 0.1.1 OK
r-oldrel-windows-ix86+x86_64 0.1.1 17.00 57.00 74.00 OK

Check Details

Version: 0.1.1
Check: LazyData
Result: NOTE
     'LazyData' is specified without a 'data' directory
Flavors: r-devel-linux-x86_64-debian-clang, r-devel-linux-x86_64-debian-gcc, r-devel-linux-x86_64-fedora-clang, r-devel-linux-x86_64-fedora-gcc, r-devel-windows-x86_64, r-devel-windows-x86_64-gcc10-UCRT, r-patched-linux-x86_64, r-patched-solaris-x86, r-release-linux-x86_64, r-release-macos-arm64, r-release-macos-x86_64, r-release-windows-ix86+x86_64