CRAN Package Check Results for Package pivmet

Last updated on 2021-09-20 19:53:00 CEST.

Flavor Version Tinstall Tcheck Ttotal Status Flags
r-devel-linux-x86_64-debian-clang 0.4.0 9.41 278.19 287.60 OK
r-devel-linux-x86_64-debian-gcc 0.4.0 8.94 201.20 210.14 OK
r-devel-linux-x86_64-fedora-clang 0.4.0 348.95 OK
r-devel-linux-x86_64-fedora-gcc 0.4.0 339.90 OK
r-devel-windows-x86_64 0.4.0 14.00 276.00 290.00 OK
r-devel-windows-x86_64-gcc10-UCRT 0.4.0 ERROR
r-patched-linux-x86_64 0.4.0 10.31 263.77 274.08 OK
r-patched-solaris-x86 0.4.0 189.60 OK
r-release-linux-x86_64 0.4.0 9.24 259.43 268.67 OK
r-release-macos-arm64 0.4.0 OK
r-release-macos-x86_64 0.4.0 OK
r-release-windows-ix86+x86_64 0.4.0 28.00 264.00 292.00 OK
r-oldrel-macos-x86_64 0.4.0 OK
r-oldrel-windows-ix86+x86_64 0.4.0 27.00 262.00 289.00 OK

Check Details

Version: 0.4.0
Check: whether package can be installed
Result: WARN
    Found the following significant warnings:
     WARNING: installation-time patches will not be applied, could not get the patches index
Flavor: r-devel-windows-x86_64-gcc10-UCRT

Version: 0.4.0
Check: PDF version of manual
Result: WARN
    LaTeX errors when creating PDF version.
    This typically indicates Rd problems.
Flavor: r-devel-windows-x86_64-gcc10-UCRT

Version: 0.4.0
Check: PDF version of manual without hyperrefs or index
Result: ERROR
    Re-running with no redirection of stdout/stderr.
Flavor: r-devel-windows-x86_64-gcc10-UCRT