CRAN Package Check Results for Package pitchRx

Last updated on 2021-06-23 22:54:25 CEST.

Flavor Version Tinstall Tcheck Ttotal Status Flags
r-devel-linux-x86_64-debian-clang 1.8.2 13.87 107.94 121.81 NOTE
r-devel-linux-x86_64-debian-gcc 1.8.2 10.21 80.73 90.94 NOTE
r-devel-linux-x86_64-fedora-clang 1.8.2 155.21 NOTE
r-devel-linux-x86_64-fedora-gcc 1.8.2 139.56 NOTE
r-devel-windows-x86_64 1.8.2 18.00 110.00 128.00 NOTE
r-devel-windows-x86_64-gcc10-UCRT 1.8.2 NOTE
r-patched-linux-x86_64 1.8.2 9.39 100.40 109.79 NOTE
r-patched-solaris-x86 1.8.2 206.40 NOTE
r-release-linux-x86_64 1.8.2 12.58 100.34 112.92 NOTE
r-release-macos-arm64 1.8.2 NOTE
r-release-macos-x86_64 1.8.2 NOTE
r-release-windows-ix86+x86_64 1.8.2 21.00 107.00 128.00 NOTE
r-oldrel-macos-x86_64 1.8.2 NOTE

Check Details

Version: 1.8.2
Check: package dependencies
Result: NOTE
    Package suggested but not available for checking: 'ggsubplot'
Flavors: r-devel-linux-x86_64-debian-clang, r-devel-linux-x86_64-debian-gcc, r-devel-linux-x86_64-fedora-clang, r-devel-linux-x86_64-fedora-gcc, r-devel-windows-x86_64, r-patched-linux-x86_64, r-patched-solaris-x86, r-release-linux-x86_64, r-release-macos-arm64, r-release-macos-x86_64, r-release-windows-ix86+x86_64, r-oldrel-macos-x86_64

Version: 1.8.2
Check: package dependencies
Result: NOTE
    Packages suggested but not available for checking: 'animation', 'ggsubplot'
Flavor: r-devel-windows-x86_64-gcc10-UCRT