CRAN Package Check Results for Package pinnacle.API

Last updated on 2021-08-01 13:49:46 CEST.

Flavor Version Tinstall Tcheck Ttotal Status Flags
r-devel-linux-x86_64-debian-clang 2.3.3 4.06 36.61 40.67 NOTE
r-devel-linux-x86_64-debian-gcc 2.3.3 2.89 27.74 30.63 NOTE
r-devel-linux-x86_64-fedora-clang 2.3.3 58.03 NOTE
r-devel-linux-x86_64-fedora-gcc 2.3.3 46.25 NOTE
r-devel-windows-x86_64 2.3.3 6.00 56.00 62.00 NOTE
r-devel-windows-x86_64-gcc10-UCRT 2.3.3 NOTE
r-patched-linux-x86_64 2.3.3 NOTE
r-patched-solaris-x86 2.3.3 70.40 NOTE
r-release-linux-x86_64 2.3.3 3.49 34.34 37.83 NOTE
r-release-macos-arm64 2.3.3 NOTE
r-release-macos-x86_64 2.3.3 NOTE
r-release-windows-ix86+x86_64 2.3.3 9.00 41.00 50.00 NOTE
r-oldrel-macos-x86_64 2.3.3 OK
r-oldrel-windows-ix86+x86_64 2.3.3 7.00 56.00 63.00 OK

Check Details

Version: 2.3.3
Check: LazyData
Result: NOTE
     'LazyData' is specified without a 'data' directory
Flavors: r-devel-linux-x86_64-debian-clang, r-devel-linux-x86_64-debian-gcc, r-devel-linux-x86_64-fedora-clang, r-devel-linux-x86_64-fedora-gcc, r-devel-windows-x86_64, r-devel-windows-x86_64-gcc10-UCRT, r-patched-linux-x86_64, r-patched-solaris-x86, r-release-linux-x86_64, r-release-macos-arm64, r-release-macos-x86_64, r-release-windows-ix86+x86_64