CRAN Package Check Results for Package pimeta

Last updated on 2024-02-25 18:51:33 CET.

Flavor Version Tinstall Tcheck Ttotal Status Flags
r-devel-linux-x86_64-debian-clang 1.1.3 42.50 63.13 105.63 OK
r-devel-linux-x86_64-debian-gcc 1.1.3 35.34 45.92 81.26 OK
r-devel-linux-x86_64-fedora-clang 1.1.3 137.26 NOTE
r-devel-linux-x86_64-fedora-gcc 1.1.3 151.08 NOTE
r-devel-windows-x86_64 1.1.3 37.00 85.00 122.00 OK
r-patched-linux-x86_64 1.1.3 43.71 60.96 104.67 OK
r-release-linux-x86_64 1.1.3 43.78 60.80 104.58 OK
r-release-macos-arm64 1.1.3 51.00 NOTE
r-release-macos-x86_64 1.1.3 81.00 NOTE
r-release-windows-x86_64 1.1.3 44.00 97.00 141.00 OK
r-oldrel-macos-arm64 1.1.3 45.00 NOTE
r-oldrel-windows-x86_64 1.1.3 41.00 94.00 135.00 OK

Check Details

Version: 1.1.3
Check: dependencies in R code
Result: NOTE Namespace in Imports field not imported from: ‘utils’ All declared Imports should be used. Flavors: r-devel-linux-x86_64-fedora-clang, r-devel-linux-x86_64-fedora-gcc, r-oldrel-macos-arm64

Version: 1.1.3
Check: installed package size
Result: NOTE installed size is 12.4Mb sub-directories of 1Mb or more: libs 12.1Mb Flavors: r-release-macos-arm64, r-release-macos-x86_64, r-oldrel-macos-arm64