Last updated on 2023-09-27 21:01:31 CEST.
Flavor | Version | Tinstall | Tcheck | Ttotal | Status | Flags |
---|---|---|---|---|---|---|
r-devel-linux-x86_64-debian-clang | 1.13.8 | 30.77 | 180.22 | 210.99 | OK | |
r-devel-linux-x86_64-debian-gcc | 1.13.8 | 20.72 | 128.59 | 149.31 | OK | |
r-devel-linux-x86_64-fedora-clang | 1.13.8 | 266.59 | NOTE | |||
r-devel-linux-x86_64-fedora-gcc | 1.13.8 | 267.02 | NOTE | |||
r-devel-windows-x86_64 | 1.13.8 | 23.00 | 127.00 | 150.00 | OK | |
r-patched-linux-x86_64 | 1.13.8 | 27.01 | 167.55 | 194.56 | OK | |
r-release-linux-x86_64 | 1.13.8 | 24.65 | 166.67 | 191.32 | OK | |
r-release-macos-arm64 | 1.13.8 | 60.00 | OK | |||
r-release-macos-x86_64 | 1.13.8 | 197.00 | OK | |||
r-release-windows-x86_64 | 1.13.8 | 33.00 | 153.00 | 186.00 | OK | |
r-oldrel-macos-arm64 | 1.13.8 | 66.00 | OK | |||
r-oldrel-macos-x86_64 | 1.13.8 | 86.00 | OK | |||
r-oldrel-windows-x86_64 | 1.13.8 | 31.00 | 141.00 | 172.00 | OK |
Version: 1.13.8
Check: data for non-ASCII characters
Result: NOTE
Note: found 3 marked UTF-8 strings
Flavors: r-devel-linux-x86_64-fedora-clang, r-devel-linux-x86_64-fedora-gcc