Last updated on 2023-05-30 06:57:38 CEST.
Flavor | Version | Tinstall | Tcheck | Ttotal | Status | Flags |
---|---|---|---|---|---|---|
r-devel-linux-x86_64-debian-clang | 1.8.2 | 12.55 | 115.34 | 127.89 | NOTE | |
r-devel-linux-x86_64-debian-gcc | 1.8.2 | 11.26 | 88.24 | 99.50 | NOTE | |
r-devel-linux-x86_64-fedora-clang | 1.8.2 | 162.17 | NOTE | |||
r-devel-linux-x86_64-fedora-gcc | 1.8.2 | 166.44 | NOTE | |||
r-devel-windows-x86_64 | 1.8.2 | 15.00 | 126.00 | 141.00 | NOTE | |
r-patched-linux-x86_64 | 1.8.2 | 16.82 | 110.59 | 127.41 | NOTE | |
r-release-linux-x86_64 | 1.8.2 | 11.73 | 112.35 | 124.08 | NOTE | |
r-release-macos-arm64 | 1.8.2 | 58.00 | NOTE | |||
r-release-macos-x86_64 | 1.8.2 | 89.00 | NOTE | |||
r-release-windows-x86_64 | 1.8.2 | 18.00 | 147.00 | 165.00 | NOTE | |
r-oldrel-macos-arm64 | 1.8.2 | 53.00 | OK | |||
r-oldrel-macos-x86_64 | 1.8.2 | 67.00 | OK | |||
r-oldrel-windows-x86_64 | 1.8.2 | 19.00 | 136.00 | 155.00 | OK |
Version: 1.8.2
Check: Rd files
Result: NOTE
checkRd: (-1) Kcalc.Rd:13: Escaped LaTeX specials: \$
checkRd: (-1) phylosignal.Rd:13: Escaped LaTeX specials: \$
checkRd: (-1) traitgram.Rd:14: Escaped LaTeX specials: \$
checkRd: (-1) utility.Rd:37: Escaped LaTeX specials: \$ \$
Flavors: r-devel-linux-x86_64-debian-clang, r-devel-linux-x86_64-debian-gcc, r-devel-linux-x86_64-fedora-clang, r-devel-linux-x86_64-fedora-gcc, r-devel-windows-x86_64, r-patched-linux-x86_64, r-release-linux-x86_64, r-release-macos-arm64, r-release-macos-x86_64, r-release-windows-x86_64