CRAN Package Check Results for Package phyloregion

Last updated on 2022-09-30 21:49:04 CEST.

Flavor Version Tinstall Tcheck Ttotal Status Flags
r-devel-linux-x86_64-debian-clang 1.0.6 41.80 485.31 527.11 OK
r-devel-linux-x86_64-debian-gcc 1.0.6 32.11 354.24 386.35 OK
r-devel-linux-x86_64-fedora-clang 1.0.6 627.21 NOTE
r-devel-linux-x86_64-fedora-gcc 1.0.6 648.36 NOTE
r-devel-windows-x86_64 1.0.6 74.00 483.00 557.00 OK
r-patched-linux-x86_64 1.0.6 51.19 459.32 510.51 OK
r-release-linux-x86_64 1.0.6 40.25 460.77 501.02 OK
r-release-macos-arm64 1.0.6 128.00 NOTE
r-release-macos-x86_64 1.0.6 197.00 NOTE
r-release-windows-x86_64 1.0.6 112.00 485.00 597.00 OK
r-oldrel-macos-arm64 1.0.6 105.00 NOTE
r-oldrel-macos-x86_64 1.0.6 213.00 NOTE
r-oldrel-windows-ix86+x86_64 1.0.6 89.00 472.00 561.00 OK

Check Details

Version: 1.0.6
Check: dependencies in R code
Result: NOTE
    Namespace in Imports field not imported from: ‘rgdal’
     All declared Imports should be used.
Flavors: r-devel-linux-x86_64-fedora-clang, r-devel-linux-x86_64-fedora-gcc, r-release-macos-arm64, r-release-macos-x86_64, r-oldrel-macos-arm64, r-oldrel-macos-x86_64

Version: 1.0.6
Check: Rd cross-references
Result: NOTE
    Undeclared package ‘picante’ in Rd xrefs
Flavor: r-devel-linux-x86_64-fedora-clang