CRAN Package Check Results for Package phyloregion

Last updated on 2021-06-23 07:50:27 CEST.

Flavor Version Tinstall Tcheck Ttotal Status Flags
r-devel-linux-x86_64-debian-clang 1.0.6 22.97 253.42 276.39 OK
r-devel-linux-x86_64-debian-gcc 1.0.6 16.18 189.88 206.06 OK
r-devel-linux-x86_64-fedora-clang 1.0.6 328.87 NOTE
r-devel-linux-x86_64-fedora-gcc 1.0.6 317.36 NOTE
r-devel-windows-x86_64 1.0.6 30.00 251.00 281.00 OK
r-devel-windows-x86_64-gcc10-UCRT 1.0.6 NOTE
r-patched-linux-x86_64 1.0.6 25.55 234.49 260.04 OK
r-patched-solaris-x86 1.0.6 446.90 NOTE
r-release-linux-x86_64 1.0.6 20.05 236.53 256.58 OK
r-release-macos-arm64 1.0.6 NOTE
r-release-macos-x86_64 1.0.6 NOTE
r-release-windows-ix86+x86_64 1.0.6 32.00 215.00 247.00 OK
r-oldrel-macos-x86_64 1.0.6 NOTE

Check Details

Version: 1.0.6
Check: dependencies in R code
Result: NOTE
    Namespace in Imports field not imported from: ‘rgdal’
     All declared Imports should be used.
Flavors: r-devel-linux-x86_64-fedora-clang, r-devel-linux-x86_64-fedora-gcc, r-devel-windows-x86_64-gcc10-UCRT, r-patched-solaris-x86, r-release-macos-arm64, r-release-macos-x86_64, r-oldrel-macos-x86_64

Version: 1.0.6
Check: Rd cross-references
Result: NOTE
    Undeclared package ‘picante’ in Rd xrefs
Flavor: r-devel-linux-x86_64-fedora-clang