CRAN Package Check Results for Package phylocomr

Last updated on 2021-11-26 19:52:59 CET.

Flavor Version Tinstall Tcheck Ttotal Status Flags
r-devel-linux-x86_64-debian-clang 0.3.2 13.16 30.91 44.07 NOTE
r-devel-linux-x86_64-debian-gcc 0.3.2 11.06 24.88 35.94 NOTE
r-devel-linux-x86_64-fedora-clang 0.3.2 65.07 NOTE
r-devel-linux-x86_64-fedora-gcc 0.3.2 56.08 NOTE
r-devel-windows-x86_64-new-UL 0.3.2 32.00 87.00 119.00 NOTE
r-devel-windows-x86_64-new-TK 0.3.2 NOTE
r-devel-windows-x86_64-old 0.3.2 17.00 61.00 78.00 NOTE
r-patched-linux-x86_64 0.3.2 14.09 29.49 43.58 NOTE
r-patched-solaris-x86 0.3.2 87.20 NOTE
r-release-linux-x86_64 0.3.2 NOTE
r-release-macos-arm64 0.3.2 NOTE
r-release-macos-x86_64 0.3.2 NOTE
r-release-windows-ix86+x86_64 0.3.2 35.00 47.00 82.00 NOTE
r-oldrel-macos-x86_64 0.3.2 OK
r-oldrel-windows-ix86+x86_64 0.3.2 28.00 71.00 99.00 OK

Check Details

Version: 0.3.2
Check: LazyData
Result: NOTE
     'LazyData' is specified without a 'data' directory
Flavors: r-devel-linux-x86_64-debian-clang, r-devel-linux-x86_64-debian-gcc, r-devel-linux-x86_64-fedora-clang, r-devel-linux-x86_64-fedora-gcc, r-devel-windows-x86_64-new-UL, r-devel-windows-x86_64-new-TK, r-devel-windows-x86_64-old, r-patched-linux-x86_64, r-patched-solaris-x86, r-release-linux-x86_64, r-release-macos-arm64, r-release-macos-x86_64, r-release-windows-ix86+x86_64