CRAN Package Check Results for Package phylobase

Last updated on 2022-12-06 06:50:02 CET.

Flavor Version Tinstall Tcheck Ttotal Status Flags
r-devel-linux-x86_64-debian-clang 0.8.10 39.34 171.58 210.92 NOTE
r-devel-linux-x86_64-debian-gcc 0.8.10 29.52 125.75 155.27 NOTE
r-devel-linux-x86_64-fedora-clang 0.8.10 274.15 NOTE
r-devel-linux-x86_64-fedora-gcc 0.8.10 285.16 NOTE
r-devel-windows-x86_64 0.8.10 143.00 237.00 380.00 NOTE
r-patched-linux-x86_64 0.8.10 33.05 157.70 190.75 OK
r-release-linux-x86_64 0.8.10 31.00 159.94 190.94 OK
r-release-macos-arm64 0.8.10 67.00 OK
r-release-macos-x86_64 0.8.10 130.00 OK
r-release-windows-x86_64 0.8.10 130.00 222.00 352.00 OK
r-oldrel-macos-arm64 0.8.10 84.00 OK
r-oldrel-macos-x86_64 0.8.10 107.00 OK
r-oldrel-windows-ix86+x86_64 0.8.10 87.00 292.00 379.00 OK

Check Details

Version: 0.8.10
Check: Rd files
Result: NOTE
    checkRd: (-1) phylo4d-methods.Rd:209: Escaped LaTeX specials: \$
Flavors: r-devel-linux-x86_64-debian-clang, r-devel-linux-x86_64-debian-gcc, r-devel-linux-x86_64-fedora-clang, r-devel-linux-x86_64-fedora-gcc, r-devel-windows-x86_64