CRAN Package Check Results for Package photobiologyInOut

Last updated on 2024-06-13 00:55:26 CEST.

Flavor Version Tinstall Tcheck Ttotal Status Flags
r-devel-linux-x86_64-debian-clang 0.4.27 9.96 162.93 172.89 NOTE
r-devel-linux-x86_64-debian-gcc 0.4.27 0.57 1.88 2.45 ERROR
r-devel-linux-x86_64-fedora-clang 0.4.27 214.48 NOTE
r-devel-linux-x86_64-fedora-gcc 0.4.27 216.14 NOTE
r-devel-windows-x86_64 0.4.27 7.00 137.00 144.00 NOTE
r-patched-linux-x86_64 0.4.27 8.29 153.53 161.82 NOTE
r-release-linux-x86_64 0.4.27 5.33 152.10 157.43 NOTE
r-release-macos-arm64 0.4.27 83.00 NOTE
r-release-macos-x86_64 0.4.27 95.00 NOTE
r-release-windows-x86_64 0.4.27 10.00 141.00 151.00 NOTE
r-oldrel-macos-arm64 0.4.27 55.00 OK
r-oldrel-macos-x86_64 0.4.27 117.00 OK
r-oldrel-windows-x86_64 0.4.27 11.00 155.00 166.00 OK

Check Details

Version: 0.4.27
Check: Rd files
Result: NOTE checkRd: (-1) read_cid_spectravue_csv.Rd:46: Lost braces 46 | function code{range()} will return range of wavelengths expressed in | ^ checkRd: (-1) read_fmi2mspct.Rd:78: Lost braces; missing escapes or markup? 78 | \code{tz = UTC} and {time.shift.min = 120} to convert times to UTC. This | ^ Flavors: r-devel-linux-x86_64-debian-clang, r-devel-linux-x86_64-fedora-clang, r-devel-linux-x86_64-fedora-gcc, r-devel-windows-x86_64, r-patched-linux-x86_64, r-release-linux-x86_64, r-release-macos-arm64, r-release-macos-x86_64, r-release-windows-x86_64

Version: 0.4.27
Check: package dependencies
Result: ERROR Packages required but not available: 'photobiology', 'stringr', 'lubridate', 'tibble', 'dplyr', 'tidyr', 'tidyselect', 'readr', 'readxl' Packages suggested but not available for checking: 'hyperSpec', 'pavo', 'fda.usc', 'ggplot2', 'ggspectra', 'photobiologyWavebands', 'testthat' See section ‘The DESCRIPTION file’ in the ‘Writing R Extensions’ manual. Flavor: r-devel-linux-x86_64-debian-gcc