Last updated on 2023-02-08 06:56:33 CET.
Flavor | Version | Tinstall | Tcheck | Ttotal | Status | Flags |
---|---|---|---|---|---|---|
r-devel-linux-x86_64-debian-clang | 0.0.11 | 7.03 | 67.63 | 74.66 | NOTE | |
r-devel-linux-x86_64-debian-gcc | 0.0.11 | 5.04 | 52.18 | 57.22 | NOTE | |
r-devel-linux-x86_64-fedora-clang | 0.0.11 | 92.82 | NOTE | |||
r-devel-linux-x86_64-fedora-gcc | 0.0.11 | 102.13 | NOTE | |||
r-devel-windows-x86_64 | 0.0.11 | 83.00 | 116.00 | 199.00 | NOTE | |
r-patched-linux-x86_64 | 0.0.11 | 7.06 | 64.69 | 71.75 | NOTE | |
r-release-linux-x86_64 | 0.0.11 | 6.50 | 64.33 | 70.83 | NOTE | |
r-release-macos-arm64 | 0.0.11 | 32.00 | NOTE | |||
r-release-macos-x86_64 | 0.0.11 | 45.00 | NOTE | |||
r-release-windows-x86_64 | 0.0.11 | 60.00 | 119.00 | 179.00 | NOTE | |
r-oldrel-macos-arm64 | 0.0.11 | 37.00 | NOTE | |||
r-oldrel-macos-x86_64 | 0.0.11 | 47.00 | NOTE | |||
r-oldrel-windows-ix86+x86_64 | 0.0.11 | 17.00 | 98.00 | 115.00 | NOTE |
Version: 0.0.11
Check: LazyData
Result: NOTE
'LazyData' is specified without a 'data' directory
Flavors: r-devel-linux-x86_64-debian-clang, r-devel-linux-x86_64-debian-gcc, r-devel-linux-x86_64-fedora-clang, r-devel-linux-x86_64-fedora-gcc, r-devel-windows-x86_64, r-patched-linux-x86_64, r-release-linux-x86_64, r-release-macos-arm64, r-release-macos-x86_64, r-release-windows-x86_64, r-oldrel-macos-arm64, r-oldrel-macos-x86_64, r-oldrel-windows-ix86+x86_64