CRAN Package Check Results for Package phenology

Last updated on 2021-06-21 19:48:58 CEST.

Flavor Version Tinstall Tcheck Ttotal Status Flags
r-devel-linux-x86_64-debian-clang 7.6 21.60 138.42 160.02 OK
r-devel-linux-x86_64-debian-gcc 7.6 18.05 103.58 121.63 OK
r-devel-linux-x86_64-fedora-clang 7.6 195.12 OK
r-devel-linux-x86_64-fedora-gcc 7.6 184.16 OK
r-devel-windows-x86_64 7.6 31.00 153.00 184.00 OK
r-devel-windows-x86_64-gcc10-UCRT 7.6 NOTE
r-patched-linux-x86_64 7.6 24.86 133.17 158.03 OK
r-patched-solaris-x86 7.6 239.80 OK
r-release-linux-x86_64 7.6 20.00 132.63 152.63 OK
r-release-macos-arm64 7.6 OK
r-release-macos-x86_64 7.6 OK
r-release-windows-ix86+x86_64 7.6 39.00 178.00 217.00 OK
r-oldrel-macos-x86_64 7.6 OK

Check Details

Version: 7.6
Check: package dependencies
Result: NOTE
    Package suggested but not available for checking: 'car'
Flavor: r-devel-windows-x86_64-gcc10-UCRT