CRAN Package Check Results for Package phenocamr

Last updated on 2022-01-26 07:52:54 CET.

Flavor Version Tinstall Tcheck Ttotal Status Flags
r-devel-linux-x86_64-debian-clang 1.1.4 4.03 191.48 195.51 NOTE
r-devel-linux-x86_64-debian-gcc 1.1.4 3.30 147.57 150.87 NOTE
r-devel-linux-x86_64-fedora-clang 1.1.4 231.75 NOTE
r-devel-linux-x86_64-fedora-gcc 1.1.4 224.34 NOTE
r-devel-windows-x86_64-new-UL 1.1.4 64.00 232.00 296.00 NOTE
r-devel-windows-x86_64-new-TK 1.1.4 NOTE
r-patched-linux-x86_64 1.1.4 4.72 188.69 193.41 NOTE
r-release-linux-x86_64 1.1.4 3.25 186.08 189.33 NOTE
r-release-macos-arm64 1.1.4 NOTE
r-release-macos-x86_64 1.1.4 NOTE
r-release-windows-ix86+x86_64 1.1.4 9.00 243.00 252.00 NOTE
r-oldrel-macos-x86_64 1.1.4 NOTE
r-oldrel-windows-ix86+x86_64 1.1.4 8.00 244.00 252.00 OK

Check Details

Version: 1.1.4
Check: LazyData
Result: NOTE
     'LazyData' is specified without a 'data' directory
Flavors: r-devel-linux-x86_64-debian-clang, r-devel-linux-x86_64-debian-gcc, r-devel-linux-x86_64-fedora-clang, r-devel-linux-x86_64-fedora-gcc, r-devel-windows-x86_64-new-UL, r-devel-windows-x86_64-new-TK, r-patched-linux-x86_64, r-release-linux-x86_64, r-release-macos-arm64, r-release-macos-x86_64, r-release-windows-ix86+x86_64

Version: 1.1.4
Check: dependencies in R code
Result: NOTE
    Namespaces in Imports field not imported from:
     ‘jsonlite’ ‘memoise’
     All declared Imports should be used.
Flavors: r-devel-linux-x86_64-fedora-clang, r-devel-linux-x86_64-fedora-gcc, r-devel-windows-x86_64-new-TK, r-release-macos-arm64, r-release-macos-x86_64, r-oldrel-macos-x86_64