CRAN Package Check Results for Package phecodemap

Last updated on 2022-10-05 06:51:29 CEST.

Flavor Version Tinstall Tcheck Ttotal Status Flags
r-devel-linux-x86_64-debian-clang 0.1.0 10.68 86.23 96.91 OK
r-devel-linux-x86_64-debian-gcc 0.1.0 9.14 64.33 73.47 OK
r-devel-linux-x86_64-fedora-clang 0.1.0 130.09 NOTE
r-devel-linux-x86_64-fedora-gcc 0.1.0 131.86 NOTE
r-devel-windows-x86_64 0.1.0 29.00 112.00 141.00 OK
r-patched-linux-x86_64 0.1.0 8.98 83.14 92.12 OK
r-release-linux-x86_64 0.1.0 7.78 85.39 93.17 OK
r-release-macos-arm64 0.1.0 39.00 NOTE
r-release-macos-x86_64 0.1.0 60.00 NOTE
r-release-windows-x86_64 0.1.0 23.00 114.00 137.00 OK
r-oldrel-macos-arm64 0.1.0 40.00 NOTE
r-oldrel-macos-x86_64 0.1.0 51.00 NOTE
r-oldrel-windows-ix86+x86_64 0.1.0 25.00 114.00 139.00 OK

Check Details

Version: 0.1.0
Check: data for non-ASCII characters
Result: NOTE
     Note: found 114 marked UTF-8 strings
Flavors: r-devel-linux-x86_64-fedora-clang, r-devel-linux-x86_64-fedora-gcc, r-release-macos-arm64, r-release-macos-x86_64, r-oldrel-macos-arm64, r-oldrel-macos-x86_64