CRAN Package Check Results for Package phase1PRMD

Last updated on 2021-09-18 13:53:45 CEST.

Flavor Version Tinstall Tcheck Ttotal Status Flags
r-devel-linux-x86_64-debian-clang 1.0.2 9.85 75.70 85.55 OK
r-devel-linux-x86_64-debian-gcc 1.0.2 6.96 56.44 63.40 OK
r-devel-linux-x86_64-fedora-clang 1.0.2 109.72 NOTE
r-devel-linux-x86_64-fedora-gcc 1.0.2 95.38 OK
r-devel-windows-x86_64 1.0.2 12.00 96.00 108.00 OK
r-devel-windows-x86_64-gcc10-UCRT 1.0.2 OK
r-patched-linux-x86_64 1.0.2 9.72 71.70 81.42 OK
r-patched-solaris-x86 1.0.2 151.00 OK
r-release-linux-x86_64 1.0.2 9.10 72.03 81.13 OK
r-release-macos-arm64 1.0.2 OK
r-release-macos-x86_64 1.0.2 OK
r-release-windows-ix86+x86_64 1.0.2 21.00 72.00 93.00 OK
r-oldrel-macos-x86_64 1.0.2 OK
r-oldrel-windows-ix86+x86_64 1.0.2 19.00 70.00 89.00 OK

Check Details

Version: 1.0.2
Check: Rd cross-references
Result: NOTE
    Undeclared package ‘phase1RMD’ in Rd xrefs
Flavor: r-devel-linux-x86_64-fedora-clang