CRAN Package Check Results for Package pgirmess

Last updated on 2021-06-20 07:50:17 CEST.

Flavor Version Tinstall Tcheck Ttotal Status Flags
r-devel-linux-x86_64-debian-clang 1.7.0 18.04 175.29 193.33 OK
r-devel-linux-x86_64-debian-gcc 1.7.0 15.93 130.72 146.65 OK
r-devel-linux-x86_64-fedora-clang 1.7.0 240.54 NOTE
r-devel-linux-x86_64-fedora-gcc 1.7.0 231.60 OK
r-devel-windows-x86_64 1.7.0 32.00 252.00 284.00 OK
r-devel-windows-x86_64-gcc10-UCRT 1.7.0 ERROR
r-patched-linux-x86_64 1.7.0 15.73 165.78 181.51 OK
r-patched-solaris-x86 1.7.0 333.70 OK
r-release-linux-x86_64 1.7.0 18.24 167.01 185.25 OK
r-release-macos-arm64 1.7.0 OK
r-release-macos-x86_64 1.7.0 OK
r-release-windows-ix86+x86_64 1.7.0 54.00 248.00 302.00 OK
r-oldrel-macos-x86_64 1.7.0 OK
r-oldrel-windows-ix86+x86_64 1.7.0 36.00 258.00 294.00 OK

Check Details

Version: 1.7.0
Check: Rd cross-references
Result: NOTE
    Undeclared packages ‘classInt’, ‘PMCMR’, ‘agricolae’, ‘plotrix’, ‘AICcmodavg’ in Rd xrefs
Flavor: r-devel-linux-x86_64-fedora-clang

Version: 1.7.0
Check: package dependencies
Result: ERROR
    Package required but not available: 'spdep'
    
    See section 'The DESCRIPTION file' in the 'Writing R Extensions'
    manual.
Flavor: r-devel-windows-x86_64-gcc10-UCRT