CRAN Package Check Results for Package pexm

Last updated on 2021-09-25 22:54:14 CEST.

Flavor Version Tinstall Tcheck Ttotal Status Flags
r-devel-linux-x86_64-debian-clang 1.0.0 17.96 89.96 107.92 WARN
r-devel-linux-x86_64-debian-gcc 1.0.0 11.37 69.21 80.58 WARN
r-devel-linux-x86_64-fedora-clang 1.0.0 138.95 OK
r-devel-linux-x86_64-fedora-gcc 1.0.0 130.96 OK
r-devel-windows-x86_64 1.0.0 14.00 79.00 93.00 OK
r-devel-windows-x86_64-gcc10-UCRT 1.0.0 OK
r-patched-linux-x86_64 1.0.0 14.19 87.10 101.29 WARN
r-patched-solaris-x86 1.0.0 197.10 OK
r-release-linux-x86_64 1.0.0 13.98 85.95 99.93 WARN
r-release-macos-arm64 1.0.0 OK
r-release-macos-x86_64 1.0.0 OK
r-release-windows-ix86+x86_64 1.0.0 33.00 111.00 144.00 OK
r-oldrel-macos-x86_64 1.0.0 OK
r-oldrel-windows-ix86+x86_64 1.0.0 24.00 111.00 135.00 OK

Check Details

Version: 1.0.0
Check: top-level files
Result: WARN
     Output from running autoreconf:
     configure.ac:23: warning: The macro `AC_HELP_STRING' is obsolete.
     configure.ac:23: You should run autoupdate.
     ./lib/autoconf/general.m4:204: AC_HELP_STRING is expanded from...
     configure.ac:23: the top level
     configure.ac:65: warning: The macro `AC_HELP_STRING' is obsolete.
     configure.ac:65: You should run autoupdate.
     ./lib/autoconf/general.m4:204: AC_HELP_STRING is expanded from...
     configure.ac:65: the top level
     configure.ac:85: warning: The macro `AC_HELP_STRING' is obsolete.
     configure.ac:85: You should run autoupdate.
     ./lib/autoconf/general.m4:204: AC_HELP_STRING is expanded from...
     configure.ac:85: the top level
     configure.ac:104: warning: AC_OUTPUT should be used without arguments.
     configure.ac:104: You should run autoupdate.
Flavors: r-devel-linux-x86_64-debian-clang, r-devel-linux-x86_64-debian-gcc, r-patched-linux-x86_64, r-release-linux-x86_64