CRAN Package Check Results for Package personr

Last updated on 2021-06-15 01:50:32 CEST.

Flavor Version Tinstall Tcheck Ttotal Status Flags
r-devel-linux-x86_64-debian-clang 1.0.0 3.15 24.88 28.03 NOTE
r-devel-linux-x86_64-debian-gcc 1.0.0 2.52 19.46 21.98 NOTE
r-devel-linux-x86_64-fedora-clang 1.0.0 42.62 NOTE
r-devel-linux-x86_64-fedora-gcc 1.0.0 31.57 NOTE
r-devel-windows-x86_64 1.0.0 5.00 44.00 49.00 NOTE
r-devel-windows-x86_64-gcc10-UCRT 1.0.0 NOTE
r-patched-linux-x86_64 1.0.0 2.99 23.93 26.92 NOTE
r-patched-solaris-x86 1.0.0 50.00 NOTE
r-release-linux-x86_64 1.0.0 2.92 23.73 26.65 NOTE
r-release-macos-arm64 1.0.0 NOTE
r-release-macos-x86_64 1.0.0 NOTE
r-release-windows-ix86+x86_64 1.0.0 6.00 43.00 49.00 NOTE
r-oldrel-macos-x86_64 1.0.0 OK
r-oldrel-windows-ix86+x86_64 1.0.0 21.00 45.00 66.00 OK

Check Details

Version: 1.0.0
Check: LazyData
Result: NOTE
     'LazyData' is specified without a 'data' directory
Flavors: r-devel-linux-x86_64-debian-clang, r-devel-linux-x86_64-debian-gcc, r-devel-linux-x86_64-fedora-clang, r-devel-linux-x86_64-fedora-gcc, r-devel-windows-x86_64, r-devel-windows-x86_64-gcc10-UCRT, r-patched-linux-x86_64, r-patched-solaris-x86, r-release-linux-x86_64, r-release-macos-arm64, r-release-macos-x86_64, r-release-windows-ix86+x86_64