Last updated on 2022-06-25 07:03:20 CEST.
Flavor | Version | Tinstall | Tcheck | Ttotal | Status | Flags |
---|---|---|---|---|---|---|
r-devel-linux-x86_64-debian-clang | 2020.5.13 | 10.58 | 115.62 | 126.20 | OK | |
r-devel-linux-x86_64-debian-gcc | 2020.5.13 | 6.94 | 81.35 | 88.29 | OK | |
r-devel-linux-x86_64-fedora-clang | 2020.5.13 | 153.64 | OK | |||
r-devel-linux-x86_64-fedora-gcc | 2020.5.13 | 149.55 | OK | |||
r-devel-windows-x86_64 | 2020.5.13 | 69.00 | 132.00 | 201.00 | OK | |
r-patched-linux-x86_64 | 2020.5.13 | 6.88 | 103.60 | 110.48 | OK | |
r-release-linux-x86_64 | 2020.5.13 | 7.30 | 103.55 | 110.85 | OK | |
r-release-macos-arm64 | 2020.5.13 | 42.00 | NOTE | |||
r-release-macos-x86_64 | 2020.5.13 | 85.00 | OK | |||
r-release-windows-x86_64 | 2020.5.13 | 86.00 | 136.00 | 222.00 | OK | |
r-oldrel-macos-arm64 | 2020.5.13 | 55.00 | OK | |||
r-oldrel-macos-x86_64 | 2020.5.13 | 73.00 | OK | |||
r-oldrel-windows-ix86+x86_64 | 2020.5.13 | 26.00 | 202.00 | 228.00 | OK |
Version: 2020.5.13
Check: package dependencies
Result: NOTE
Package suggested but not available for checking: ‘jointseg’
Flavor: r-release-macos-arm64