CRAN Package Check Results for Package penalizedSVM

Last updated on 2021-09-28 07:48:36 CEST.

Flavor Version Tinstall Tcheck Ttotal Status Flags
r-devel-linux-x86_64-debian-clang 1.1.2 7.67 45.17 52.84 OK
r-devel-linux-x86_64-debian-gcc 1.1.2 4.58 33.99 38.57 OK
r-devel-linux-x86_64-fedora-clang 1.1.2 69.64 NOTE
r-devel-linux-x86_64-fedora-gcc 1.1.2 58.91 NOTE
r-devel-windows-x86_64 1.1.2 9.00 43.00 52.00 OK
r-devel-windows-x86_64-gcc10-UCRT 1.1.2 NOTE
r-patched-linux-x86_64 1.1.2 6.25 42.69 48.94 OK
r-patched-solaris-x86 1.1.2 81.90 NOTE
r-release-linux-x86_64 1.1.2 5.32 42.90 48.22 OK
r-release-macos-arm64 1.1.2 NOTE
r-release-macos-x86_64 1.1.2 NOTE
r-release-windows-ix86+x86_64 1.1.2 12.00 44.00 56.00 OK
r-oldrel-macos-x86_64 1.1.2 NOTE
r-oldrel-windows-ix86+x86_64 1.1.2 7.00 46.00 53.00 OK

Check Details

Version: 1.1.2
Check: dependencies in R code
Result: NOTE
    Namespace in Imports field not imported from: ‘lhs’
     All declared Imports should be used.
Flavors: r-devel-linux-x86_64-fedora-clang, r-devel-linux-x86_64-fedora-gcc, r-devel-windows-x86_64-gcc10-UCRT, r-patched-solaris-x86, r-release-macos-arm64, r-release-macos-x86_64, r-oldrel-macos-x86_64