CRAN Package Check Results for Package penalized

Last updated on 2021-10-22 13:57:19 CEST.

Flavor Version Tinstall Tcheck Ttotal Status Flags
r-devel-linux-x86_64-debian-clang 0.9-51 87.75 118.19 205.94 OK
r-devel-linux-x86_64-debian-gcc 0.9-51 64.44 90.68 155.12 OK
r-devel-linux-x86_64-fedora-clang 0.9-51 301.09 NOTE
r-devel-linux-x86_64-fedora-gcc 0.9-51 265.20 OK
r-devel-windows-x86_64 0.9-51 112.00 110.00 222.00 OK
r-devel-windows-x86_64-gcc10-UCRT 0.9-51 OK
r-patched-linux-x86_64 0.9-51 80.34 115.77 196.11 OK
r-patched-solaris-x86 0.9-51 303.10 OK
r-release-linux-x86_64 0.9-51 78.40 116.32 194.72 OK
r-release-macos-arm64 0.9-51 NOTE
r-release-macos-x86_64 0.9-51 NOTE
r-release-windows-ix86+x86_64 0.9-51 145.00 186.00 331.00 OK
r-oldrel-macos-x86_64 0.9-51 NOTE
r-oldrel-windows-ix86+x86_64 0.9-51 209.00 190.00 399.00 OK

Check Details

Version: 0.9-51
Check: installed package size
Result: NOTE
     installed size is 5.3Mb
     sub-directories of 1Mb or more:
     libs 4.4Mb
Flavors: r-devel-linux-x86_64-fedora-clang, r-release-macos-arm64, r-release-macos-x86_64, r-oldrel-macos-x86_64

Version: 0.9-51
Check: package dependencies
Result: NOTE
    Package suggested but not available for checking: ‘globaltest’
Flavor: r-release-macos-arm64