Last updated on 2023-09-27 21:01:30 CEST.
Flavor | Version | Tinstall | Tcheck | Ttotal | Status | Flags |
---|---|---|---|---|---|---|
r-devel-linux-x86_64-debian-clang | 0.2.3 | 14.00 | 97.56 | 111.56 | OK | |
r-devel-linux-x86_64-debian-gcc | 0.2.3 | 11.00 | 71.50 | 82.50 | OK | |
r-devel-linux-x86_64-fedora-clang | 0.2.3 | 134.61 | NOTE | |||
r-devel-linux-x86_64-fedora-gcc | 0.2.3 | 134.75 | NOTE | |||
r-devel-windows-x86_64 | 0.2.3 | 14.00 | 85.00 | 99.00 | OK | |
r-patched-linux-x86_64 | 0.2.3 | 19.83 | 90.69 | 110.52 | OK | |
r-release-linux-x86_64 | 0.2.3 | 9.37 | 91.86 | 101.23 | OK | |
r-release-macos-arm64 | 0.2.3 | 47.00 | OK | |||
r-release-macos-x86_64 | 0.2.3 | 99.00 | OK | |||
r-release-windows-x86_64 | 0.2.3 | 18.00 | 104.00 | 122.00 | OK | |
r-oldrel-macos-arm64 | 0.2.3 | 40.00 | OK | |||
r-oldrel-macos-x86_64 | 0.2.3 | 56.00 | OK | |||
r-oldrel-windows-x86_64 | 0.2.3 | 18.00 | 99.00 | 117.00 | OK |
Version: 0.2.3
Check: data for non-ASCII characters
Result: NOTE
Note: found 4860 marked UTF-8 strings
Flavors: r-devel-linux-x86_64-fedora-clang, r-devel-linux-x86_64-fedora-gcc