CRAN Package Check Results for Package pedquant

Last updated on 2022-10-04 00:51:42 CEST.

Flavor Version Tinstall Tcheck Ttotal Status Flags
r-devel-linux-x86_64-debian-clang 0.2.0 18.61 122.60 141.21 OK
r-devel-linux-x86_64-debian-gcc 0.2.0 13.60 89.05 102.65 OK
r-devel-linux-x86_64-fedora-clang 0.2.0 171.45 NOTE
r-devel-linux-x86_64-fedora-gcc 0.2.0 164.28 NOTE
r-devel-windows-x86_64 0.2.0 23.00 137.00 160.00 OK
r-patched-linux-x86_64 0.2.0 17.51 108.89 126.40 OK
r-release-linux-x86_64 0.2.0 12.29 112.57 124.86 OK
r-release-macos-arm64 0.2.0 41.00 NOTE
r-release-macos-x86_64 0.2.0 59.00 NOTE
r-release-windows-x86_64 0.2.0 68.00 134.00 202.00 OK
r-oldrel-macos-arm64 0.2.0 47.00 NOTE
r-oldrel-macos-x86_64 0.2.0 59.00 NOTE
r-oldrel-windows-ix86+x86_64 0.2.0 36.00 133.00 169.00 OK

Check Details

Version: 0.2.0
Check: data for non-ASCII characters
Result: NOTE
     Note: found 13918 marked UTF-8 strings
Flavors: r-devel-linux-x86_64-fedora-clang, r-devel-linux-x86_64-fedora-gcc, r-release-macos-arm64, r-release-macos-x86_64, r-oldrel-macos-arm64, r-oldrel-macos-x86_64