Last updated on 2023-02-02 00:54:53 CET.
Flavor | Version | Tinstall | Tcheck | Ttotal | Status | Flags |
---|---|---|---|---|---|---|
r-devel-linux-x86_64-debian-clang | 0.12.1 | 22.28 | 51.37 | 73.65 | NOTE | |
r-devel-linux-x86_64-debian-gcc | 0.12.1 | 16.16 | 39.10 | 55.26 | NOTE | |
r-devel-linux-x86_64-fedora-clang | 0.12.1 | 100.44 | NOTE | |||
r-devel-linux-x86_64-fedora-gcc | 0.12.1 | 91.47 | NOTE | |||
r-devel-windows-x86_64 | 0.12.1 | 38.00 | 110.00 | 148.00 | OK | |
r-patched-linux-x86_64 | 0.12.1 | 14.35 | 49.06 | 63.41 | NOTE | |
r-release-linux-x86_64 | 0.12.1 | 16.83 | 50.22 | 67.05 | NOTE | |
r-release-macos-arm64 | 0.12.1 | 25.00 | OK | |||
r-release-macos-x86_64 | 0.12.1 | 40.00 | OK | |||
r-release-windows-x86_64 | 0.12.1 | 39.00 | 111.00 | 150.00 | OK | |
r-oldrel-macos-arm64 | 0.12.1 | 23.00 | OK | |||
r-oldrel-macos-x86_64 | 0.12.1 | 41.00 | OK | |||
r-oldrel-windows-ix86+x86_64 | 0.12.1 | 48.00 | 122.00 | 170.00 | OK |
Version: 0.12.1
Check: package dependencies
Result: NOTE
Package suggested but not available for checking: ‘georob’
Flavors: r-devel-linux-x86_64-debian-clang, r-devel-linux-x86_64-debian-gcc, r-devel-linux-x86_64-fedora-clang, r-devel-linux-x86_64-fedora-gcc, r-patched-linux-x86_64, r-release-linux-x86_64