Last updated on 2023-12-02 21:40:04 CET.
Flavor | Version | Tinstall | Tcheck | Ttotal | Status | Flags |
---|---|---|---|---|---|---|
r-devel-linux-x86_64-debian-clang | 0.12.1 | 22.06 | 51.22 | 73.28 | NOTE | |
r-devel-linux-x86_64-debian-gcc | 0.12.1 | 14.79 | 39.35 | 54.14 | NOTE | |
r-devel-linux-x86_64-fedora-clang | 0.12.1 | 103.01 | NOTE | |||
r-devel-linux-x86_64-fedora-gcc | 0.12.1 | 94.40 | NOTE | |||
r-devel-windows-x86_64 | 0.12.1 | 20.00 | 81.00 | 101.00 | NOTE | |
r-patched-linux-x86_64 | 0.12.1 | 20.20 | 49.68 | 69.88 | NOTE | |
r-release-linux-x86_64 | 0.12.1 | 17.22 | 49.26 | 66.48 | NOTE | |
r-release-macos-arm64 | 0.12.1 | 31.00 | NOTE | |||
r-release-macos-x86_64 | 0.12.1 | 46.00 | NOTE | |||
r-release-windows-x86_64 | 0.12.1 | 23.00 | 91.00 | 114.00 | NOTE | |
r-oldrel-macos-arm64 | 0.12.1 | 25.00 | OK | |||
r-oldrel-macos-x86_64 | 0.12.1 | 40.00 | OK | |||
r-oldrel-windows-x86_64 | 0.12.1 | 22.00 | 89.00 | 111.00 | NOTE |
Version: 0.12.1
Check: package dependencies
Result: NOTE
Package suggested but not available for checking: ‘georob’
Flavors: r-devel-linux-x86_64-debian-clang, r-devel-linux-x86_64-debian-gcc, r-devel-linux-x86_64-fedora-clang, r-devel-linux-x86_64-fedora-gcc, r-devel-windows-x86_64, r-patched-linux-x86_64, r-release-linux-x86_64, r-release-macos-arm64, r-release-windows-x86_64, r-oldrel-windows-x86_64
Version: 0.12.1
Check: Rd files
Result: NOTE
checkRd: (-1) variogramGuess.Rd:94: Lost braces
94 | Method \code{"b"} was proposed by \doi{10.1016/0098-3004(95)00095-X}{Jian et al. (1996)} and
| ^
checkRd: (-1) variogramGuess.Rd:98: Lost braces
98 | \doi{10.1016/j.cageo.2008.10.011}{Hiemstra et al. (2009)}.
| ^
checkRd: (-1) variogramGuess.Rd:100: Lost braces
100 | Method \code{"d"} was developed by \doi{10.1007/s11004-012-9434-1}{Desassis & Renard (2012)}.
| ^
Flavors: r-devel-linux-x86_64-debian-clang, r-devel-linux-x86_64-debian-gcc
Version: 0.12.1
Check: package dependencies
Result: NOTE
Packages suggested but not available for checking:
'car', 'fields', 'georob', 'gstat'
Flavor: r-release-macos-x86_64
Version: 0.12.1
Check: Rd cross-references
Result: NOTE
Packages unavailable to check Rd xrefs: ‘fields’, ‘gstat’, ‘car’
Flavor: r-release-macos-x86_64