CRAN Package Check Results for Package pdxTrees

Last updated on 2024-02-27 21:48:34 CET.

Flavor Version Tinstall Tcheck Ttotal Status Flags
r-devel-linux-x86_64-debian-clang 0.4.0 1.96 64.63 66.59 NOTE
r-devel-linux-x86_64-debian-gcc 0.4.0 2.48 49.65 52.13 NOTE
r-devel-linux-x86_64-fedora-clang 0.4.0 103.96 NOTE
r-devel-linux-x86_64-fedora-gcc 0.4.0 117.18 NOTE
r-devel-windows-x86_64 0.4.0 4.00 81.00 85.00 NOTE
r-patched-linux-x86_64 0.4.0 2.96 84.93 87.89 NOTE
r-release-linux-x86_64 0.4.0 3.22 63.45 66.67 NOTE
r-release-macos-arm64 0.4.0 44.00 NOTE
r-release-macos-x86_64 0.4.0 64.00 NOTE
r-release-windows-x86_64 0.4.0 5.00 71.00 76.00 NOTE
r-oldrel-macos-arm64 0.4.0 49.00 NOTE
r-oldrel-windows-x86_64 0.4.0 5.00 93.00 98.00 NOTE

Check Details

Version: 0.4.0
Check: LazyData
Result: NOTE 'LazyData' is specified without a 'data' directory Flavors: r-devel-linux-x86_64-debian-clang, r-devel-linux-x86_64-debian-gcc, r-devel-linux-x86_64-fedora-clang, r-devel-linux-x86_64-fedora-gcc, r-devel-windows-x86_64, r-patched-linux-x86_64, r-release-linux-x86_64, r-release-macos-arm64, r-release-macos-x86_64, r-release-windows-x86_64, r-oldrel-macos-arm64, r-oldrel-windows-x86_64