Last updated on 2023-03-25 07:02:27 CET.
Flavor | Version | Tinstall | Tcheck | Ttotal | Status | Flags |
---|---|---|---|---|---|---|
r-devel-linux-x86_64-debian-clang | 2.7-8 | 124.89 | 417.47 | 542.36 | NOTE | |
r-devel-linux-x86_64-debian-gcc | 2.7-8 | 94.17 | 316.13 | 410.30 | NOTE | |
r-devel-linux-x86_64-fedora-clang | 2.7-8 | 690.98 | NOTE | |||
r-devel-linux-x86_64-fedora-gcc | 2.7-8 | 658.00 | NOTE | |||
r-patched-linux-x86_64 | 2.7-8 | 118.94 | 392.41 | 511.35 | OK | |
r-release-linux-x86_64 | 2.7-8 | 114.16 | 389.45 | 503.61 | OK | |
r-release-macos-arm64 | 2.7-8 | 177.00 | NOTE | |||
r-release-macos-x86_64 | 2.7-8 | 241.00 | NOTE | |||
r-release-windows-x86_64 | 2.7-8 | 401.00 | 524.00 | 925.00 | NOTE | |
r-oldrel-macos-arm64 | 2.7-8 | 170.00 | NOTE | |||
r-oldrel-macos-x86_64 | 2.7-8 | 233.00 | NOTE | |||
r-oldrel-windows-ix86+x86_64 | 2.7-8 | 265.00 | 740.00 | 1005.00 | NOTE |
Version: 2.7-8
Check: C++ specification
Result: NOTE
Specified C++11: please drop specification unless essential
Flavors: r-devel-linux-x86_64-debian-clang, r-devel-linux-x86_64-debian-gcc, r-devel-linux-x86_64-fedora-clang, r-devel-linux-x86_64-fedora-gcc
Version: 2.7-8
Check: installed package size
Result: NOTE
installed size is 5.5Mb
sub-directories of 1Mb or more:
data 2.1Mb
Flavors: r-devel-linux-x86_64-fedora-clang, r-release-macos-arm64, r-release-macos-x86_64, r-release-windows-x86_64, r-oldrel-macos-arm64, r-oldrel-macos-x86_64, r-oldrel-windows-ix86+x86_64
Version: 2.7-8
Check: Rd cross-references
Result: NOTE
Undeclared packages ‘combinat’, ‘unifDAG’ in Rd xrefs
Flavor: r-devel-linux-x86_64-fedora-clang
Version: 2.7-8
Check: dependencies in R code
Result: NOTE
Initiating curl with CURL_SSL_BACKEND: openssl
Flavor: r-oldrel-windows-ix86+x86_64