Last updated on 2023-06-09 00:54:29 CEST.
Flavor | Version | Tinstall | Tcheck | Ttotal | Status | Flags |
---|---|---|---|---|---|---|
r-devel-linux-x86_64-debian-clang | 2.0-3 | 21.82 | 48.91 | 70.73 | OK | |
r-devel-linux-x86_64-debian-gcc | 2.0-3 | 15.14 | 38.62 | 53.76 | OK | |
r-devel-linux-x86_64-fedora-clang | 2.0-3 | 84.63 | OK | |||
r-devel-linux-x86_64-fedora-gcc | 2.0-3 | 101.70 | OK | |||
r-devel-windows-x86_64 | 2.0-3 | 23.00 | 75.00 | 98.00 | OK | |
r-patched-linux-x86_64 | 2.0-3 | 19.32 | 48.60 | 67.92 | OK | |
r-release-linux-x86_64 | 2.0-3 | 17.71 | 48.66 | 66.37 | OK | |
r-release-macos-arm64 | 2.0-3 | 44.00 | OK | |||
r-release-macos-x86_64 | 2.0-3 | 67.00 | NOTE | |||
r-release-windows-x86_64 | 2.0-3 | 26.00 | 77.00 | 103.00 | OK | |
r-oldrel-macos-arm64 | 2.0-3 | 46.00 | OK | |||
r-oldrel-macos-x86_64 | 2.0-3 | 109.00 | OK | |||
r-oldrel-windows-x86_64 | 2.0-3 | 23.00 | 79.00 | 102.00 | OK |
Version: 2.0-3
Check: package dependencies
Result: NOTE
Package suggested but not available for checking: ‘robustbase’
Flavor: r-release-macos-x86_64
Version: 2.0-3
Check: Rd cross-references
Result: NOTE
Package unavailable to check Rd xrefs: ‘robustbase’
Flavor: r-release-macos-x86_64