CRAN Package Check Results for Package pcFactorStan

Last updated on 2022-09-30 00:49:22 CEST.

Flavor Version Tinstall Tcheck Ttotal Status Flags
r-devel-linux-x86_64-debian-clang 1.5.3 1048.49 252.94 1301.43 NOTE
r-devel-linux-x86_64-debian-gcc 1.5.3 956.25 238.17 1194.42 NOTE
r-devel-linux-x86_64-fedora-clang 1.5.3 1621.00 NOTE
r-devel-linux-x86_64-fedora-gcc 1.5.3 1994.58 NOTE
r-devel-windows-x86_64 1.5.3 685.00 384.00 1069.00 NOTE
r-patched-linux-x86_64 1.5.3 786.30 307.92 1094.22 NOTE
r-release-linux-x86_64 1.5.3 0.02 3.97 3.99 ERROR
r-release-macos-arm64 1.5.3 406.00 NOTE
r-release-macos-x86_64 1.5.3 789.00 NOTE
r-release-windows-x86_64 1.5.3 1564.00 393.00 1957.00 NOTE
r-oldrel-macos-arm64 1.5.3 510.00 NOTE
r-oldrel-macos-x86_64 1.5.3 543.00 NOTE
r-oldrel-windows-ix86+x86_64 1.5.3 698.00 18.00 716.00 ERROR

Check Details

Version: 1.5.3
Check: for GNU extensions in Makefiles
Result: NOTE
    GNU make is a SystemRequirements.
Flavors: r-devel-linux-x86_64-debian-clang, r-devel-linux-x86_64-debian-gcc, r-devel-linux-x86_64-fedora-clang, r-devel-linux-x86_64-fedora-gcc, r-devel-windows-x86_64, r-patched-linux-x86_64, r-release-macos-arm64, r-release-macos-x86_64, r-release-windows-x86_64, r-oldrel-macos-arm64, r-oldrel-macos-x86_64

Version: 1.5.3
Check: installed package size
Result: NOTE
     installed size is 14.3Mb
     sub-directories of 1Mb or more:
     doc 2.9Mb
     libs 10.7Mb
Flavors: r-devel-linux-x86_64-fedora-clang, r-devel-windows-x86_64, r-release-macos-arm64, r-release-macos-x86_64, r-release-windows-x86_64, r-oldrel-macos-arm64, r-oldrel-macos-x86_64

Version: 1.5.3
Check: dependencies in R code
Result: NOTE
    Namespace in Imports field not imported from: ‘rstantools’
     All declared Imports should be used.
Flavors: r-devel-linux-x86_64-fedora-clang, r-devel-linux-x86_64-fedora-gcc, r-release-macos-arm64, r-release-macos-x86_64, r-oldrel-macos-arm64, r-oldrel-macos-x86_64

Version: 1.5.3
Check: whether package can be installed
Result: ERROR
    Installation failed.
Flavors: r-release-linux-x86_64, r-oldrel-windows-ix86+x86_64