CRAN Package Check Results for Package pbdSLAP

Last updated on 2021-10-18 13:54:06 CEST.

Flavor Version Tinstall Tcheck Ttotal Status Flags
r-devel-linux-x86_64-debian-clang 0.3-1 132.86 51.50 184.36 WARN
r-devel-linux-x86_64-debian-gcc 0.3-1 112.27 41.20 153.47 WARN
r-devel-linux-x86_64-fedora-clang 0.3-1 279.30 WARN
r-devel-linux-x86_64-fedora-gcc 0.3-1 263.93 WARN
r-devel-windows-x86_64 0.3-1 217.00 80.00 297.00 NOTE
r-devel-windows-x86_64-gcc10-UCRT 0.3-1 OK
r-patched-linux-x86_64 0.3-1 127.75 50.35 178.10 WARN
r-patched-solaris-x86 0.3-1 276.40 NOTE
r-release-linux-x86_64 0.3-1 125.78 50.37 176.15 WARN
r-release-macos-arm64 0.3-1 ERROR
r-release-macos-x86_64 0.3-1 ERROR
r-release-windows-ix86+x86_64 0.3-1 390.00 95.00 485.00 NOTE
r-oldrel-macos-x86_64 0.3-1 ERROR
r-oldrel-windows-ix86+x86_64 0.3-1 406.00 102.00 508.00 NOTE

Check Details

Version: 0.3-1
Check: top-level files
Result: WARN
     Output from running autoreconf:
     configure.ac:97: warning: AC_OUTPUT should be used without arguments.
     configure.ac:97: You should run autoupdate.
Flavors: r-devel-linux-x86_64-debian-clang, r-devel-linux-x86_64-debian-gcc, r-patched-linux-x86_64, r-release-linux-x86_64

Version: 0.3-1
Check: installed package size
Result: NOTE
     installed size is 10.4Mb
     sub-directories of 1Mb or more:
     lib 10.0Mb
Flavors: r-devel-linux-x86_64-fedora-clang, r-devel-windows-x86_64, r-patched-solaris-x86, r-release-windows-ix86+x86_64, r-oldrel-windows-ix86+x86_64

Version: 0.3-1
Check: top-level files
Result: WARN
     Output from running autoreconf:
     configure.ac:97: warning: AC_OUTPUT should be used without arguments.
     configure.ac:97: You should run autoupdate.
     configure.ac:97: warning: AC_OUTPUT should be used without arguments.
     configure.ac:97: You should run autoupdate.
Flavors: r-devel-linux-x86_64-fedora-clang, r-devel-linux-x86_64-fedora-gcc

Version: 0.3-1
Check: package dependencies
Result: ERROR
    Package required but not available: ‘pbdMPI’
    
    See section ‘The DESCRIPTION file’ in the ‘Writing R Extensions’
    manual.
Flavors: r-release-macos-arm64, r-release-macos-x86_64, r-oldrel-macos-x86_64