CRAN Package Check Results for Package parsnip

Last updated on 2021-09-26 19:49:07 CEST.

Flavor Version Tinstall Tcheck Ttotal Status Flags
r-devel-linux-x86_64-debian-clang 0.1.7 13.56 204.70 218.26 OK
r-devel-linux-x86_64-debian-gcc 0.1.7 13.72 159.76 173.48 OK
r-devel-linux-x86_64-fedora-clang 0.1.7 261.26 NOTE
r-devel-linux-x86_64-fedora-gcc 0.1.7 272.89 OK
r-devel-windows-x86_64 0.1.7 17.00 175.00 192.00 OK
r-devel-windows-x86_64-gcc10-UCRT 0.1.7 OK
r-patched-linux-x86_64 0.1.7 16.97 190.11 207.08 OK
r-patched-solaris-x86 0.1.7 357.20 OK
r-release-linux-x86_64 0.1.7 16.32 189.72 206.04 OK
r-release-macos-arm64 0.1.7 OK
r-release-macos-x86_64 0.1.7 OK
r-release-windows-ix86+x86_64 0.1.7 30.00 180.00 210.00 OK
r-oldrel-macos-x86_64 0.1.7 OK
r-oldrel-windows-ix86+x86_64 0.1.7 20.00 188.00 208.00 OK

Check Details

Version: 0.1.7
Check: Rd cross-references
Result: NOTE
    Undeclared packages ‘glmnet’, ‘rstan’, ‘rstanarm’, ‘discrim’, ‘devtools’, ‘broom’ in Rd xrefs
Flavor: r-devel-linux-x86_64-fedora-clang