CRAN Package Check Results for Package parlitools

Last updated on 2021-06-21 01:49:28 CEST.

Flavor Version Tinstall Tcheck Ttotal Status Flags
r-devel-linux-x86_64-debian-clang 0.4.1 9.76 83.20 92.96 OK
r-devel-linux-x86_64-debian-gcc 0.4.1 7.42 63.17 70.59 OK
r-devel-linux-x86_64-fedora-clang 0.4.1 120.36 NOTE
r-devel-linux-x86_64-fedora-gcc 0.4.1 109.95 NOTE
r-devel-windows-x86_64 0.4.1 13.00 89.00 102.00 OK
r-devel-windows-x86_64-gcc10-UCRT 0.4.1 ERROR
r-patched-linux-x86_64 0.4.1 9.42 78.33 87.75 OK
r-patched-solaris-x86 0.4.1 143.90 NOTE --no-vignettes
r-release-linux-x86_64 0.4.1 7.22 78.96 86.18 OK
r-release-macos-arm64 0.4.1 NOTE
r-release-macos-x86_64 0.4.1 NOTE
r-release-windows-ix86+x86_64 0.4.1 20.00 102.00 122.00 OK
r-oldrel-macos-x86_64 0.4.1 NOTE

Check Details

Version: 0.4.1
Check: data for non-ASCII characters
Result: NOTE
     Note: found 16 marked UTF-8 strings
Flavors: r-devel-linux-x86_64-fedora-clang, r-devel-linux-x86_64-fedora-gcc, r-release-macos-arm64, r-release-macos-x86_64, r-oldrel-macos-x86_64

Version: 0.4.1
Check: package dependencies
Result: ERROR
    Package required but not available: 'mnis'
    
    Packages suggested but not available for checking: 'covr', 'devtools'
    
    See section 'The DESCRIPTION file' in the 'Writing R Extensions'
    manual.
Flavor: r-devel-windows-x86_64-gcc10-UCRT

Version: 0.4.1
Flags: --no-vignettes
Check: data for non-ASCII characters
Result: NOTE
     Note: found 16 marked UTF-8 strings
Flavor: r-patched-solaris-x86