CRAN Package Check Results for Package parglm

Last updated on 2024-02-25 21:49:41 CET.

Flavor Version Tinstall Tcheck Ttotal Status Flags
r-devel-linux-x86_64-debian-clang 0.1.7 89.43 83.38 172.81 NOTE
r-devel-linux-x86_64-debian-gcc 0.1.7 77.37 64.57 141.94 NOTE
r-devel-linux-x86_64-fedora-clang 0.1.7 252.34 NOTE
r-devel-linux-x86_64-fedora-gcc 0.1.7 266.43 NOTE
r-devel-windows-x86_64 0.1.7 75.00 100.00 175.00 NOTE
r-patched-linux-x86_64 0.1.7 92.63 84.36 176.99 NOTE
r-release-linux-x86_64 0.1.7 86.43 83.32 169.75 NOTE
r-release-macos-arm64 0.1.7 73.00 NOTE
r-release-macos-x86_64 0.1.7 121.00 NOTE
r-release-windows-x86_64 0.1.7 95.00 121.00 216.00 NOTE
r-oldrel-macos-arm64 0.1.7 65.00 OK
r-oldrel-windows-x86_64 0.1.7 93.00 117.00 210.00 OK

Check Details

Version: 0.1.7
Check: C++ specification
Result: NOTE Specified C++11: please drop specification unless essential Flavors: r-devel-linux-x86_64-debian-clang, r-devel-linux-x86_64-debian-gcc, r-devel-linux-x86_64-fedora-clang, r-devel-linux-x86_64-fedora-gcc, r-devel-windows-x86_64, r-patched-linux-x86_64, r-release-linux-x86_64, r-release-macos-arm64, r-release-macos-x86_64, r-release-windows-x86_64