CRAN Package Check Results for Package papci

Last updated on 2022-05-25 12:57:16 CEST.

Flavor Version Tinstall Tcheck Ttotal Status Flags
r-devel-linux-x86_64-debian-clang 0.1.0 19.47 151.80 171.27 OK
r-devel-linux-x86_64-debian-gcc 0.1.0 14.93 111.38 126.31 OK
r-devel-linux-x86_64-fedora-clang 0.1.0 199.78 NOTE
r-devel-linux-x86_64-fedora-gcc 0.1.0 186.25 NOTE
r-devel-windows-x86_64 0.1.0 21.00 158.00 179.00 OK
r-patched-linux-x86_64 0.1.0 19.04 140.35 159.39 OK
r-release-linux-x86_64 0.1.0 OK
r-release-macos-arm64 0.1.0 45.00 NOTE
r-release-macos-x86_64 0.1.0 86.00 NOTE
r-release-windows-x86_64 0.1.0 22.00 146.00 168.00 OK
r-oldrel-macos-arm64 0.1.0 47.00 NOTE
r-oldrel-macos-x86_64 0.1.0 64.00 NOTE
r-oldrel-windows-ix86+x86_64 0.1.0 41.00 149.00 190.00 OK

Check Details

Version: 0.1.0
Check: dependencies in R code
Result: NOTE
    Namespace in Imports field not imported from: ‘DT’
     All declared Imports should be used.
Flavors: r-devel-linux-x86_64-fedora-clang, r-devel-linux-x86_64-fedora-gcc, r-release-macos-arm64, r-release-macos-x86_64, r-oldrel-macos-arm64, r-oldrel-macos-x86_64