Last updated on 2023-02-08 06:56:33 CET.
Flavor | Version | Tinstall | Tcheck | Ttotal | Status | Flags |
---|---|---|---|---|---|---|
r-devel-linux-x86_64-debian-clang | 0.0.3 | 9.88 | 85.85 | 95.73 | OK | |
r-devel-linux-x86_64-debian-gcc | 0.0.3 | 7.90 | 61.38 | 69.28 | OK | |
r-devel-linux-x86_64-fedora-clang | 0.0.3 | 113.04 | NOTE | |||
r-devel-linux-x86_64-fedora-gcc | 0.0.3 | 107.30 | NOTE | |||
r-devel-windows-x86_64 | 0.0.3 | 31.00 | 126.00 | 157.00 | OK | |
r-patched-linux-x86_64 | 0.0.3 | 8.22 | 77.10 | 85.32 | OK | |
r-release-linux-x86_64 | 0.0.3 | 7.96 | 79.72 | 87.68 | OK | |
r-release-macos-arm64 | 0.0.3 | 46.00 | NOTE | |||
r-release-macos-x86_64 | 0.0.3 | 72.00 | NOTE | |||
r-release-windows-x86_64 | 0.0.3 | 42.00 | 131.00 | 173.00 | OK | |
r-oldrel-macos-arm64 | 0.0.3 | 46.00 | NOTE | |||
r-oldrel-macos-x86_64 | 0.0.3 | 58.00 | NOTE | |||
r-oldrel-windows-ix86+x86_64 | 0.0.3 | 22.00 | 120.00 | 142.00 | OK |
Version: 0.0.3
Check: dependencies in R code
Result: NOTE
Namespaces in Imports field not imported from:
‘DT’ ‘dbplyr’ ‘downloadthis’ ‘ggExtra’ ‘htmlwidgets’ ‘methods’
‘rmarkdown’ ‘scales’
All declared Imports should be used.
Flavors: r-devel-linux-x86_64-fedora-clang, r-devel-linux-x86_64-fedora-gcc, r-release-macos-arm64, r-release-macos-x86_64, r-oldrel-macos-arm64, r-oldrel-macos-x86_64