CRAN Package Check Results for Package paletteer

Last updated on 2023-05-30 06:57:37 CEST.

Flavor Version Tinstall Tcheck Ttotal Status Flags
r-devel-linux-x86_64-debian-clang 1.5.0 6.33 54.01 60.34 OK
r-devel-linux-x86_64-debian-gcc 1.5.0 4.15 40.15 44.30 OK
r-devel-linux-x86_64-fedora-clang 1.5.0 73.30 OK
r-devel-linux-x86_64-fedora-gcc 1.5.0 67.96 OK
r-devel-windows-x86_64 1.5.0 7.00 62.00 69.00 OK
r-patched-linux-x86_64 1.5.0 5.28 51.43 56.71 OK
r-release-linux-x86_64 1.5.0 6.36 52.38 58.74 OK
r-release-macos-arm64 1.5.0 25.00 NOTE
r-release-macos-x86_64 1.5.0 41.00 OK
r-release-windows-x86_64 1.5.0 8.00 72.00 80.00 OK
r-oldrel-macos-arm64 1.5.0 29.00 OK
r-oldrel-macos-x86_64 1.5.0 38.00 OK
r-oldrel-windows-x86_64 1.5.0 9.00 71.00 80.00 OK

Check Details

Version: 1.5.0
Check: package dependencies
Result: NOTE
    Package suggested but not available for checking: ‘ggplot2’
Flavor: r-release-macos-arm64